CRAN Package Check Results for Package popPyramid

Last updated on 2024-06-20 23:57:36 CEST.

Flavor Version Tinstall Tcheck Ttotal Status Flags
r-devel-linux-x86_64-debian-clang 0.1.1 5.73 50.23 55.96 OK
r-devel-linux-x86_64-debian-gcc 0.1.1 4.67 38.49 43.16 OK
r-devel-linux-x86_64-fedora-clang 0.1.1 70.27 NOTE
r-devel-linux-x86_64-fedora-gcc 0.1.1 64.40 NOTE
r-devel-windows-x86_64 0.1.1 7.00 69.00 76.00 OK
r-patched-linux-x86_64 0.1.1 5.34 48.53 53.87 OK
r-release-linux-x86_64 0.1.1 5.48 48.94 54.42 OK
r-release-macos-arm64 0.1.1 23.00 OK
r-release-macos-x86_64 0.1.1 36.00 OK
r-release-windows-x86_64 0.1.1 6.00 64.00 70.00 OK
r-oldrel-macos-arm64 0.1.1 26.00 OK
r-oldrel-macos-x86_64 0.1.1 37.00 OK
r-oldrel-windows-x86_64 0.1.1 8.00 69.00 77.00 OK

Check Details

Version: 0.1.1
Check: dependencies in R code
Result: NOTE Namespace in Imports field not imported from: ‘tibble’ All declared Imports should be used. Flavors: r-devel-linux-x86_64-fedora-clang, r-devel-linux-x86_64-fedora-gcc