CRAN Package Check Results for Package popPyramid

Last updated on 2022-10-04 02:54:47 CEST.

Flavor Version Tinstall Tcheck Ttotal Status Flags
r-devel-linux-x86_64-debian-clang 0.1.1 5.59 55.16 60.75 OK
r-devel-linux-x86_64-debian-gcc 0.1.1 4.63 40.82 45.45 OK
r-devel-linux-x86_64-fedora-clang 0.1.1 85.15 NOTE
r-devel-linux-x86_64-fedora-gcc 0.1.1 79.08 NOTE
r-devel-windows-x86_64 0.1.1 11.00 84.00 95.00 OK
r-patched-linux-x86_64 0.1.1 4.80 50.77 55.57 OK
r-release-linux-x86_64 0.1.1 5.83 51.66 57.49 OK
r-release-macos-arm64 0.1.1 23.00 NOTE
r-release-macos-x86_64 0.1.1 44.00 NOTE
r-release-windows-x86_64 0.1.1 15.00 84.00 99.00 OK
r-oldrel-macos-arm64 0.1.1 24.00 NOTE
r-oldrel-macos-x86_64 0.1.1 36.00 NOTE
r-oldrel-windows-ix86+x86_64 0.1.1 15.00 75.00 90.00 OK

Check Details

Version: 0.1.1
Check: dependencies in R code
Result: NOTE
    Namespace in Imports field not imported from: ‘tibble’
     All declared Imports should be used.
Flavors: r-devel-linux-x86_64-fedora-clang, r-devel-linux-x86_64-fedora-gcc, r-release-macos-arm64, r-release-macos-x86_64, r-oldrel-macos-arm64, r-oldrel-macos-x86_64