CRAN Package Check Results for Package popdemo

Last updated on 2020-12-05 23:47:53 CET.

Flavor Version Tinstall Tcheck Ttotal Status Flags
r-devel-linux-x86_64-debian-clang 1.3-0 11.91 111.00 122.91 OK
r-devel-linux-x86_64-debian-gcc 1.3-0 10.70 80.43 91.13 OK
r-devel-linux-x86_64-fedora-clang 1.3-0 149.87 NOTE
r-devel-linux-x86_64-fedora-gcc 1.3-0 144.44 OK
r-devel-windows-ix86+x86_64 1.3-0 28.00 129.00 157.00 NOTE
r-patched-linux-x86_64 1.3-0 10.57 103.61 114.18 OK
r-patched-solaris-x86 1.3-0 191.00 NOTE
r-release-linux-x86_64 1.3-0 12.74 101.72 114.46 OK
r-release-macos-x86_64 1.3-0 NOTE
r-release-windows-ix86+x86_64 1.3-0 23.00 134.00 157.00 NOTE
r-oldrel-macos-x86_64 1.3-0 NOTE
r-oldrel-windows-ix86+x86_64 1.3-0 21.00 126.00 147.00 NOTE

Check Details

Version: 1.3-0
Check: installed package size
Result: NOTE
     installed size is 5.4Mb
     sub-directories of 1Mb or more:
     doc 4.9Mb
Flavors: r-devel-linux-x86_64-fedora-clang, r-devel-windows-ix86+x86_64, r-patched-solaris-x86, r-release-macos-x86_64, r-release-windows-ix86+x86_64, r-oldrel-macos-x86_64, r-oldrel-windows-ix86+x86_64