CRAN Package Check Results for Package population

Last updated on 2022-08-15 21:54:44 CEST.

Flavor Version Tinstall Tcheck Ttotal Status Flags
r-devel-linux-x86_64-debian-clang 0.3 3.32 26.42 29.74 OK
r-devel-linux-x86_64-debian-gcc 0.3 2.54 20.34 22.88 OK
r-devel-linux-x86_64-fedora-clang 0.3 46.41 NOTE
r-devel-linux-x86_64-fedora-gcc 0.3 45.08 NOTE
r-devel-windows-x86_64 0.3 20.00 54.00 74.00 OK
r-patched-linux-x86_64 0.3 2.92 25.20 28.12 OK
r-release-linux-x86_64 0.3 2.95 25.37 28.32 OK
r-release-macos-arm64 0.3 20.00 OK
r-release-macos-x86_64 0.3 26.00 OK
r-release-windows-x86_64 0.3 10.00 53.00 63.00 OK
r-oldrel-macos-arm64 0.3 17.00 OK
r-oldrel-macos-x86_64 0.3 24.00 OK
r-oldrel-windows-ix86+x86_64 0.3 12.00 55.00 67.00 OK

Check Details

Version: 0.3
Check: compiled code
Result: NOTE
    File ‘population/libs/population.so’:
     Found no calls to: ‘R_registerRoutines’, ‘R_useDynamicSymbols’
    
    It is good practice to register native routines and to disable symbol
    search.
    
    See ‘Writing portable packages’ in the ‘Writing R Extensions’ manual.
Flavors: r-devel-linux-x86_64-fedora-clang, r-devel-linux-x86_64-fedora-gcc