CRAN Package Check Results for Package porridge

Last updated on 2022-01-21 20:48:49 CET.

Flavor Version Tinstall Tcheck Ttotal Status Flags
r-devel-linux-x86_64-debian-clang 0.3.0 65.87 88.82 154.69 OK
r-devel-linux-x86_64-debian-gcc 0.3.0 48.30 68.07 116.37 OK
r-devel-linux-x86_64-fedora-clang 0.3.0 207.49 NOTE
r-devel-linux-x86_64-fedora-gcc 0.3.0 184.97 OK
r-devel-windows-x86_64-new-UL 0.3.0 83.00 127.00 210.00 OK
r-devel-windows-x86_64-new-TK 0.3.0 OK
r-patched-linux-x86_64 0.3.0 51.39 86.13 137.52 OK
r-release-linux-x86_64 0.3.0 56.50 86.61 143.11 OK
r-release-macos-arm64 0.3.0 NOTE
r-release-macos-x86_64 0.3.0 WARN --as-cran
r-release-windows-ix86+x86_64 0.3.0 136.00 142.00 278.00 OK
r-oldrel-macos-x86_64 0.2.1 NOTE
r-oldrel-windows-ix86+x86_64 0.3.0 131.00 148.00 279.00 OK

Check Details

Version: 0.3.0
Check: installed package size
Result: NOTE
     installed size is 5.6Mb
     sub-directories of 1Mb or more:
     libs 5.3Mb
Flavors: r-devel-linux-x86_64-fedora-clang, r-release-macos-arm64

Version: 0.3.0
Check: Rd cross-references
Result: NOTE
    Undeclared packages ‘rags2ridges’, ‘ragt2ridges’ in Rd xrefs
Flavor: r-devel-linux-x86_64-fedora-clang

Version: 0.3.0
Flags: --as-cran
Check: CRAN incoming feasibility
Result: WARN
    Maintainer: ‘Wessel N. van Wieringen <w.vanwieringen@vumc.nl>’
    
    Insufficient package version (submitted: 0.3.0, existing: 0.3.0)
    
    Days since last update: 1
Flavor: r-release-macos-x86_64

Version: 0.3.0
Flags: --as-cran
Check: installed package size
Result: NOTE
     installed size is 6.8Mb
     sub-directories of 1Mb or more:
     libs 6.5Mb
Flavor: r-release-macos-x86_64

Version: 0.2.1
Check: installed package size
Result: NOTE
     installed size is 6.6Mb
     sub-directories of 1Mb or more:
     libs 6.4Mb
Flavor: r-oldrel-macos-x86_64