CRAN Package Check Results for Package porridge

Last updated on 2022-12-06 04:02:59 CET.

Flavor Version Tinstall Tcheck Ttotal Status Flags
r-devel-linux-x86_64-debian-clang 0.3.1 68.70 91.25 159.95 OK
r-devel-linux-x86_64-debian-gcc 0.3.1 54.61 70.00 124.61 OK
r-devel-linux-x86_64-fedora-clang 0.3.1 232.71 OK
r-devel-linux-x86_64-fedora-gcc 0.3.1 208.86 OK
r-devel-windows-x86_64 0.3.1 60.00 139.00 199.00 OK
r-patched-linux-x86_64 0.3.1 58.53 85.64 144.17 OK
r-release-linux-x86_64 0.3.1 63.62 87.70 151.32 OK
r-release-macos-arm64 0.3.1 65.00 NOTE
r-release-macos-x86_64 0.3.1 70.00 NOTE
r-release-windows-x86_64 0.3.1 71.00 144.00 215.00 OK
r-oldrel-macos-arm64 0.3.1 62.00 NOTE
r-oldrel-macos-x86_64 0.3.1 67.00 NOTE
r-oldrel-windows-ix86+x86_64 0.3.1 138.00 149.00 287.00 OK

Check Details

Version: 0.3.1
Check: installed package size
Result: NOTE
     installed size is 6.8Mb
     sub-directories of 1Mb or more:
     libs 6.5Mb
Flavors: r-release-macos-arm64, r-release-macos-x86_64, r-oldrel-macos-arm64, r-oldrel-macos-x86_64