CRAN Package Check Results for Package postGIStools

Last updated on 2020-05-28 17:50:14 CEST.

Flavor Version Tinstall Tcheck Ttotal Status Flags
r-devel-linux-x86_64-debian-clang 0.2.4 3.19 31.16 34.35 OK
r-devel-linux-x86_64-debian-gcc 0.2.4 2.55 24.56 27.11 OK
r-devel-linux-x86_64-fedora-clang 0.2.4 41.63 OK
r-devel-linux-x86_64-fedora-gcc 0.2.4 40.82 OK
r-devel-windows-ix86+x86_64 0.2.4 11.00 49.00 60.00 OK
r-patched-linux-x86_64 0.2.4 3.00 30.73 33.73 OK
r-patched-solaris-x86 0.2.4 4.20 ERROR
r-release-linux-x86_64 0.2.4 2.37 31.25 33.62 OK
r-release-osx-x86_64 0.2.4 OK
r-release-windows-ix86+x86_64 0.2.4 8.00 121.00 129.00 OK
r-oldrel-osx-x86_64 0.2.4 OK
r-oldrel-windows-ix86+x86_64 0.2.4 8.00 43.00 51.00 OK

Check Details

Version: 0.2.4
Check: package dependencies
Result: ERROR
    Package required but not available: ‘rgdal’
    
    See section ‘The DESCRIPTION file’ in the ‘Writing R Extensions’
    manual.
Flavor: r-patched-solaris-x86