CRAN Package Check Results for Package postGIStools

Last updated on 2022-09-29 18:49:01 CEST.

Flavor Version Tinstall Tcheck Ttotal Status Flags
r-devel-linux-x86_64-debian-clang 0.2.4 2.15 35.28 37.43 NOTE
r-devel-linux-x86_64-debian-gcc 0.2.4 2.37 27.69 30.06 NOTE
r-devel-linux-x86_64-fedora-clang 0.2.4 59.81 NOTE
r-devel-linux-x86_64-fedora-gcc 0.2.4 56.42 NOTE
r-devel-windows-x86_64 0.2.4 15.00 61.00 76.00 NOTE
r-patched-linux-x86_64 0.2.4 3.26 35.14 38.40 NOTE
r-release-linux-x86_64 0.2.4 3.40 34.61 38.01 NOTE
r-release-macos-arm64 0.2.4 19.00 NOTE
r-release-macos-x86_64 0.2.4 27.00 NOTE
r-release-windows-x86_64 0.2.4 18.00 63.00 81.00 NOTE
r-oldrel-macos-arm64 0.2.4 23.00 NOTE
r-oldrel-macos-x86_64 0.2.4 30.00 NOTE
r-oldrel-windows-ix86+x86_64 0.2.4 8.00 59.00 67.00 NOTE

Check Details

Version: 0.2.4
Check: LazyData
Result: NOTE
     'LazyData' is specified without a 'data' directory
Flavors: r-devel-linux-x86_64-debian-clang, r-devel-linux-x86_64-debian-gcc, r-devel-linux-x86_64-fedora-clang, r-devel-linux-x86_64-fedora-gcc, r-devel-windows-x86_64, r-patched-linux-x86_64, r-release-linux-x86_64, r-release-macos-arm64, r-release-macos-x86_64, r-release-windows-x86_64, r-oldrel-macos-arm64, r-oldrel-macos-x86_64, r-oldrel-windows-ix86+x86_64