Last updated on 2023-04-01 05:50:49 CEST.
Flavor | Version | Tinstall | Tcheck | Ttotal | Status | Flags |
---|---|---|---|---|---|---|
r-devel-linux-x86_64-debian-clang | 1.2.0 | 1.85 | 27.20 | 29.05 | OK | |
r-devel-linux-x86_64-debian-gcc | 1.2.0 | 1.60 | 21.05 | 22.65 | OK | |
r-devel-linux-x86_64-fedora-clang | 1.2.0 | 37.31 | OK | |||
r-devel-linux-x86_64-fedora-gcc | 1.2.0 | 62.65 | OK | |||
r-devel-windows-x86_64 | 1.2.0 | 13.00 | 0.00 | 13.00 | OK | |
r-patched-linux-x86_64 | 1.2.0 | 1.53 | 26.51 | 28.04 | OK | |
r-release-linux-x86_64 | 1.2.0 | 2.31 | 27.51 | 29.82 | OK | |
r-release-macos-arm64 | 1.2.0 | 36.00 | OK | |||
r-release-macos-x86_64 | 1.2.0 | 68.00 | OK | |||
r-release-windows-x86_64 | 1.2.0 | 10.00 | 58.00 | 68.00 | OK | |
r-oldrel-macos-arm64 | 1.2.0 | 35.00 | OK | |||
r-oldrel-macos-x86_64 | 1.2.0 | 64.00 | OK | |||
r-oldrel-windows-ix86+x86_64 | 1.2.0 | 5.00 | 54.00 | 59.00 | NOTE |
Version: 1.2.0
Check: dependencies in R code
Result: NOTE
Initiating curl with CURL_SSL_BACKEND: openssl
Flavor: r-oldrel-windows-ix86+x86_64