CRAN Package Check Results for Package posterior

Last updated on 2021-09-19 09:50:33 CEST.

Flavor Version Tinstall Tcheck Ttotal Status Flags
r-devel-linux-x86_64-debian-clang 1.1.0 10.45 133.35 143.80 OK
r-devel-linux-x86_64-debian-gcc 1.1.0 7.76 99.01 106.77 OK
r-devel-linux-x86_64-fedora-clang 1.1.0 176.45 OK
r-devel-linux-x86_64-fedora-gcc 1.1.0 167.19 OK
r-devel-windows-x86_64 1.1.0 13.00 185.00 198.00 OK
r-devel-windows-x86_64-gcc10-UCRT 1.1.0 ERROR
r-patched-linux-x86_64 1.1.0 19.06 125.96 145.02 OK
r-patched-solaris-x86 1.1.0 218.70 OK
r-release-linux-x86_64 1.1.0 9.87 128.17 138.04 OK
r-release-macos-arm64 1.1.0 OK
r-release-macos-x86_64 1.1.0 OK
r-release-windows-ix86+x86_64 1.1.0 21.00 139.00 160.00 OK
r-oldrel-macos-x86_64 1.1.0 OK
r-oldrel-windows-ix86+x86_64 1.1.0 23.00 181.00 204.00 OK

Check Details

Version: 1.1.0
Check: whether package can be installed
Result: WARN
    Found the following significant warnings:
     WARNING: installation-time patches will not be applied, could not get the patches index
Flavor: r-devel-windows-x86_64-gcc10-UCRT

Version: 1.1.0
Check: PDF version of manual
Result: WARN
    LaTeX errors when creating PDF version.
    This typically indicates Rd problems.
Flavor: r-devel-windows-x86_64-gcc10-UCRT

Version: 1.1.0
Check: PDF version of manual without hyperrefs or index
Result: ERROR
    Re-running with no redirection of stdout/stderr.
Flavor: r-devel-windows-x86_64-gcc10-UCRT