CRAN Package Check Results for Package postinfectious

Last updated on 2022-08-13 17:53:56 CEST.

Flavor Version Tinstall Tcheck Ttotal Status Flags
r-devel-linux-x86_64-debian-clang 0.1.0 2.10 30.69 32.79 NOTE
r-devel-linux-x86_64-debian-gcc 0.1.0 1.69 23.19 24.88 NOTE
r-devel-linux-x86_64-fedora-clang 0.1.0 49.27 NOTE
r-devel-linux-x86_64-fedora-gcc 0.1.0 48.44 NOTE
r-devel-windows-x86_64 0.1.0 14.00 55.00 69.00 NOTE
r-patched-linux-x86_64 0.1.0 1.93 28.94 30.87 NOTE
r-release-linux-x86_64 0.1.0 1.65 29.54 31.19 NOTE
r-release-macos-arm64 0.1.0 18.00 NOTE
r-release-macos-x86_64 0.1.0 22.00 NOTE
r-release-windows-x86_64 0.1.0 4.00 55.00 59.00 NOTE
r-oldrel-macos-arm64 0.1.0 19.00 NOTE
r-oldrel-macos-x86_64 0.1.0 29.00 NOTE
r-oldrel-windows-ix86+x86_64 0.1.0 6.00 33.00 39.00 NOTE

Check Details

Version: 0.1.0
Check: LazyData
Result: NOTE
     'LazyData' is specified without a 'data' directory
Flavors: r-devel-linux-x86_64-debian-clang, r-devel-linux-x86_64-debian-gcc, r-devel-linux-x86_64-fedora-clang, r-devel-linux-x86_64-fedora-gcc, r-devel-windows-x86_64, r-patched-linux-x86_64, r-release-linux-x86_64, r-release-macos-arm64, r-release-macos-x86_64, r-release-windows-x86_64, r-oldrel-macos-arm64, r-oldrel-macos-x86_64, r-oldrel-windows-ix86+x86_64