CRAN Package Check Results for Package powdR

Last updated on 2019-09-21 04:47:48 CEST.

Flavor Version Tinstall Tcheck Ttotal Status Flags
r-devel-linux-x86_64-debian-clang 1.0.0 5.39 411.73 417.12 OK
r-devel-linux-x86_64-debian-gcc 1.0.0 3.97 293.06 297.03 OK
r-devel-linux-x86_64-fedora-clang 1.0.0 483.13 NOTE
r-devel-linux-x86_64-fedora-gcc 1.0.0 455.37 NOTE
r-devel-windows-ix86+x86_64 1.0.0 18.00 368.00 386.00 OK
r-patched-linux-x86_64 1.0.0 4.45 406.29 410.74 OK
r-patched-solaris-x86 1.0.0 909.20 NOTE
r-release-linux-x86_64 1.0.0 4.11 383.65 387.76 OK
r-release-windows-ix86+x86_64 1.0.0 8.00 339.00 347.00 OK
r-release-osx-x86_64 1.0.0 NOTE
r-oldrel-windows-ix86+x86_64 1.0.0 7.00 362.00 369.00 OK
r-oldrel-osx-x86_64 1.0.0 NOTE

Check Details

Version: 1.0.0
Check: dependencies in R code
Result: NOTE
    Namespaces in Imports field not imported from:
     ‘memisc’ ‘shinyWidgets’
     All declared Imports should be used.
Flavors: r-devel-linux-x86_64-fedora-clang, r-devel-linux-x86_64-fedora-gcc, r-patched-solaris-x86, r-release-osx-x86_64, r-oldrel-osx-x86_64