CRAN Package Check Results for Package powdR

Last updated on 2019-06-21 01:47:09 CEST.

Flavor Version Tinstall Tcheck Ttotal Status Flags
r-devel-linux-x86_64-debian-clang 1.0.0 3.52 421.61 425.13 OK
r-devel-linux-x86_64-debian-gcc 1.0.0 3.77 293.10 296.87 OK
r-devel-linux-x86_64-fedora-clang 1.0.0 454.48 NOTE
r-devel-linux-x86_64-fedora-gcc 1.0.0 431.12 NOTE
r-devel-windows-ix86+x86_64 1.0.0 17.00 473.00 490.00 OK
r-patched-linux-x86_64 1.0.0 4.48 401.27 405.75 OK
r-patched-solaris-x86 1.0.0 899.20 NOTE
r-release-linux-x86_64 1.0.0 3.93 402.26 406.19 OK
r-release-windows-ix86+x86_64 1.0.0 14.00 473.00 487.00 OK
r-release-osx-x86_64 1.0.0 NOTE
r-oldrel-windows-ix86+x86_64 1.0.0 6.00 492.00 498.00 OK
r-oldrel-osx-x86_64 1.0.0 NOTE

Check Details

Version: 1.0.0
Check: dependencies in R code
Result: NOTE
    Namespaces in Imports field not imported from:
     ‘memisc’ ‘shinyWidgets’
     All declared Imports should be used.
Flavors: r-devel-linux-x86_64-fedora-clang, r-devel-linux-x86_64-fedora-gcc, r-patched-solaris-x86, r-release-osx-x86_64, r-oldrel-osx-x86_64