CRAN Package Check Results for Package powerCompRisk

Last updated on 2024-06-23 10:57:20 CEST.

Flavor Version Tinstall Tcheck Ttotal Status Flags
r-devel-linux-x86_64-debian-clang 1.0.1 2.07 21.40 23.47 NOTE
r-devel-linux-x86_64-debian-gcc 1.0.1 1.72 16.37 18.09 NOTE
r-devel-linux-x86_64-fedora-clang 1.0.1 29.79 NOTE
r-devel-linux-x86_64-fedora-gcc 1.0.1 28.10 NOTE
r-devel-windows-x86_64 1.0.1 3.00 37.00 40.00 NOTE
r-patched-linux-x86_64 1.0.1 2.14 19.99 22.13 NOTE
r-release-linux-x86_64 1.0.1 1.96 20.93 22.89 NOTE
r-release-macos-arm64 1.0.1 14.00 NOTE
r-release-macos-x86_64 1.0.1 19.00 NOTE
r-release-windows-x86_64 1.0.1 3.00 38.00 41.00 NOTE
r-oldrel-macos-arm64 1.0.1 17.00 NOTE
r-oldrel-macos-x86_64 1.0.1 20.00 NOTE
r-oldrel-windows-x86_64 1.0.1 3.00 38.00 41.00 NOTE

Check Details

Version: 1.0.1
Check: LazyData
Result: NOTE 'LazyData' is specified without a 'data' directory Flavors: r-devel-linux-x86_64-debian-clang, r-devel-linux-x86_64-debian-gcc, r-devel-linux-x86_64-fedora-clang, r-devel-linux-x86_64-fedora-gcc, r-devel-windows-x86_64, r-patched-linux-x86_64, r-release-linux-x86_64, r-release-macos-arm64, r-release-macos-x86_64, r-release-windows-x86_64, r-oldrel-macos-arm64, r-oldrel-macos-x86_64, r-oldrel-windows-x86_64