Last updated on 2022-06-25 16:51:57 CEST.
Flavor | Version | Tinstall | Tcheck | Ttotal | Status | Flags |
---|---|---|---|---|---|---|
r-devel-linux-x86_64-debian-clang | 1.0.1 | 2.15 | 23.16 | 25.31 | NOTE | |
r-devel-linux-x86_64-debian-gcc | 1.0.1 | 1.76 | 18.14 | 19.90 | NOTE | |
r-devel-linux-x86_64-fedora-clang | 1.0.1 | 41.22 | NOTE | |||
r-devel-linux-x86_64-fedora-gcc | 1.0.1 | 40.89 | NOTE | |||
r-devel-windows-x86_64 | 1.0.1 | 11.00 | 47.00 | 58.00 | NOTE | |
r-patched-linux-x86_64 | 1.0.1 | 1.70 | 22.94 | 24.64 | NOTE | |
r-release-linux-x86_64 | 1.0.1 | 1.96 | 22.73 | 24.69 | NOTE | |
r-release-macos-arm64 | 1.0.1 | 15.00 | NOTE | |||
r-release-macos-x86_64 | 1.0.1 | 21.00 | NOTE | |||
r-release-windows-x86_64 | 1.0.1 | 4.00 | 46.00 | 50.00 | NOTE | |
r-oldrel-macos-arm64 | 1.0.1 | 19.00 | NOTE | |||
r-oldrel-macos-x86_64 | 1.0.1 | 24.00 | NOTE | |||
r-oldrel-windows-ix86+x86_64 | 1.0.1 | 4.00 | 37.00 | 41.00 | NOTE |
Version: 1.0.1
Check: LazyData
Result: NOTE
'LazyData' is specified without a 'data' directory
Flavors: r-devel-linux-x86_64-debian-clang, r-devel-linux-x86_64-debian-gcc, r-devel-linux-x86_64-fedora-clang, r-devel-linux-x86_64-fedora-gcc, r-devel-windows-x86_64, r-patched-linux-x86_64, r-release-linux-x86_64, r-release-macos-arm64, r-release-macos-x86_64, r-release-windows-x86_64, r-oldrel-macos-arm64, r-oldrel-macos-x86_64, r-oldrel-windows-ix86+x86_64