CRAN Package Check Results for Package powerCompRisk

Last updated on 2022-10-04 02:54:47 CEST.

Flavor Version Tinstall Tcheck Ttotal Status Flags
r-devel-linux-x86_64-debian-clang 1.0.1 2.26 23.82 26.08 NOTE
r-devel-linux-x86_64-debian-gcc 1.0.1 1.78 18.39 20.17 NOTE
r-devel-linux-x86_64-fedora-clang 1.0.1 43.14 NOTE
r-devel-linux-x86_64-fedora-gcc 1.0.1 40.64 NOTE
r-devel-windows-x86_64 1.0.1 10.00 49.00 59.00 NOTE
r-patched-linux-x86_64 1.0.1 2.27 23.02 25.29 NOTE
r-release-linux-x86_64 1.0.1 1.79 22.78 24.57 NOTE
r-release-macos-arm64 1.0.1 15.00 NOTE
r-release-macos-x86_64 1.0.1 21.00 NOTE
r-release-windows-x86_64 1.0.1 4.00 46.00 50.00 NOTE
r-oldrel-macos-arm64 1.0.1 19.00 NOTE
r-oldrel-macos-x86_64 1.0.1 24.00 NOTE
r-oldrel-windows-ix86+x86_64 1.0.1 4.00 37.00 41.00 NOTE

Check Details

Version: 1.0.1
Check: LazyData
Result: NOTE
     'LazyData' is specified without a 'data' directory
Flavors: r-devel-linux-x86_64-debian-clang, r-devel-linux-x86_64-debian-gcc, r-devel-linux-x86_64-fedora-clang, r-devel-linux-x86_64-fedora-gcc, r-devel-windows-x86_64, r-patched-linux-x86_64, r-release-linux-x86_64, r-release-macos-arm64, r-release-macos-x86_64, r-release-windows-x86_64, r-oldrel-macos-arm64, r-oldrel-macos-x86_64, r-oldrel-windows-ix86+x86_64