CRAN Package Check Results for Package powerNLSEM

Last updated on 2025-01-25 06:49:21 CET.

Flavor Version Tinstall Tcheck Ttotal Status Flags
r-devel-linux-x86_64-debian-clang 0.1.2 7.79 162.14 169.93 NOTE
r-devel-linux-x86_64-debian-gcc 0.1.2 5.07 104.56 109.63 NOTE
r-devel-linux-x86_64-fedora-clang 0.1.2 276.30 OK
r-devel-linux-x86_64-fedora-gcc 0.1.2 290.51 NOTE
r-devel-windows-x86_64 0.1.2 11.00 154.00 165.00 OK
r-patched-linux-x86_64 0.1.2 7.78 150.33 158.11 OK
r-release-linux-x86_64 0.1.2 6.60 148.79 155.39 OK
r-release-macos-arm64 0.1.2 79.00 OK
r-release-macos-x86_64 0.1.2 140.00 OK
r-release-windows-x86_64 0.1.2 10.00 154.00 164.00 OK
r-oldrel-macos-arm64 0.1.2 84.00 OK
r-oldrel-macos-x86_64 0.1.2 144.00 OK
r-oldrel-windows-x86_64 0.1.2 11.00 197.00 208.00 OK

Check Details

Version: 0.1.2
Check: DESCRIPTION meta-information
Result: NOTE Missing dependency on R >= 4.1.0 because package code uses the pipe |> or function shorthand \(...) syntax added in R 4.1.0. File(s) using such syntax: ‘FSR.R’ ‘SR.R’ ‘helper_functions_model.R’ ‘plot.powerNLSEM.R’ ‘smart_search.R’ Flavors: r-devel-linux-x86_64-debian-clang, r-devel-linux-x86_64-debian-gcc, r-devel-linux-x86_64-fedora-gcc