CRAN Package Check Results for Package powerbydesign

Last updated on 2021-10-20 01:48:52 CEST.

Flavor Version Tinstall Tcheck Ttotal Status Flags
r-devel-linux-x86_64-debian-clang 1.0.5 2.40 27.11 29.51 NOTE
r-devel-linux-x86_64-debian-gcc 1.0.5 1.81 20.77 22.58 NOTE
r-devel-linux-x86_64-fedora-clang 1.0.5 45.98 NOTE
r-devel-linux-x86_64-fedora-gcc 1.0.5 34.62 NOTE
r-devel-windows-x86_64 1.0.5 4.00 38.00 42.00 NOTE
r-devel-windows-x86_64-gcc10-UCRT 1.0.5 NOTE
r-patched-linux-x86_64 1.0.5 2.29 25.42 27.71 NOTE
r-patched-solaris-x86 1.0.5 55.80 NOTE
r-release-linux-x86_64 1.0.5 2.40 26.29 28.69 NOTE
r-release-macos-arm64 1.0.5 NOTE
r-release-macos-x86_64 1.0.5 NOTE
r-release-windows-ix86+x86_64 1.0.5 7.00 44.00 51.00 NOTE
r-oldrel-macos-x86_64 1.0.5 OK
r-oldrel-windows-ix86+x86_64 1.0.5 7.00 44.00 51.00 OK

Check Details

Version: 1.0.5
Check: LazyData
Result: NOTE
     'LazyData' is specified without a 'data' directory
Flavors: r-devel-linux-x86_64-debian-clang, r-devel-linux-x86_64-debian-gcc, r-devel-linux-x86_64-fedora-clang, r-devel-linux-x86_64-fedora-gcc, r-devel-windows-x86_64, r-devel-windows-x86_64-gcc10-UCRT, r-patched-linux-x86_64, r-patched-solaris-x86, r-release-linux-x86_64, r-release-macos-arm64, r-release-macos-x86_64, r-release-windows-ix86+x86_64