CRAN Package Check Results for Package powerjoin

Last updated on 2022-05-20 15:52:15 CEST.

Flavor Version Tinstall Tcheck Ttotal Status Flags
r-devel-linux-x86_64-debian-clang 0.0.1 6.50 77.93 84.43 OK
r-devel-linux-x86_64-debian-gcc 0.0.1 4.79 58.19 62.98 OK
r-devel-linux-x86_64-fedora-clang 0.0.1 100.75 NOTE
r-devel-linux-x86_64-fedora-gcc 0.0.1 96.07 NOTE
r-devel-windows-x86_64 0.0.1 31.00 88.00 119.00 OK
r-patched-linux-x86_64 0.0.1 6.16 72.92 79.08 OK
r-release-linux-x86_64 0.0.1 5.38 72.03 77.41 OK
r-release-macos-arm64 0.0.1 27.00 NOTE
r-release-macos-x86_64 0.0.1 48.00 NOTE
r-release-windows-x86_64 0.0.1 30.00 90.00 120.00 OK
r-oldrel-macos-arm64 0.0.1 25.00 NOTE
r-oldrel-macos-x86_64 0.0.1 36.00 NOTE
r-oldrel-windows-ix86+x86_64 0.0.1 16.00 86.00 102.00 OK

Check Details

Version: 0.0.1
Check: dependencies in R code
Result: NOTE
    Namespaces in Imports field not imported from:
     ‘generics’ ‘lifecycle’ ‘magrittr’
     All declared Imports should be used.
Flavors: r-devel-linux-x86_64-fedora-clang, r-devel-linux-x86_64-fedora-gcc, r-release-macos-arm64, r-release-macos-x86_64, r-oldrel-macos-arm64, r-oldrel-macos-x86_64