CRAN Package Check Results for Package ppclust

Last updated on 2022-10-07 14:00:21 CEST.

Flavor Version Tinstall Tcheck Ttotal Status Flags
r-devel-linux-x86_64-debian-clang 1.1.0 11.84 196.72 208.56 NOTE
r-devel-linux-x86_64-debian-gcc 1.1.0 7.79 134.73 142.52 NOTE
r-devel-linux-x86_64-fedora-clang 1.1.0 253.42 NOTE
r-devel-linux-x86_64-fedora-gcc 1.1.0 247.12 NOTE
r-devel-windows-x86_64 1.1.0 30.00 215.00 245.00 OK
r-patched-linux-x86_64 1.1.0 10.11 185.19 195.30 NOTE
r-release-linux-x86_64 1.1.0 8.28 179.49 187.77 NOTE
r-release-macos-arm64 1.1.0 62.00 OK
r-release-macos-x86_64 1.1.0 84.00 OK
r-release-windows-x86_64 1.1.0 36.00 215.00 251.00 OK
r-oldrel-macos-arm64 1.1.0 87.00 OK
r-oldrel-macos-x86_64 1.1.0 100.00 OK
r-oldrel-windows-ix86+x86_64 1.1.0 19.00 219.00 238.00 OK

Check Details

Version: 1.1.0
Check: Rd cross-references
Result: NOTE
    Unknown package 'advclust' in Rd xrefs
Flavors: r-devel-linux-x86_64-debian-clang, r-devel-linux-x86_64-debian-gcc, r-devel-linux-x86_64-fedora-gcc, r-patched-linux-x86_64, r-release-linux-x86_64

Version: 1.1.0
Check: Rd cross-references
Result: NOTE
    Undeclared package ‘advclust’ in Rd xrefs
    Unknown package ‘advclust’ in Rd xrefs
Flavor: r-devel-linux-x86_64-fedora-clang