CRAN Package Check Results for Package ppmlasso

Last updated on 2017-12-15 12:48:03 CET.

Flavor Version Tinstall Tcheck Ttotal Status Flags
r-devel-linux-x86_64-debian-clang 1.1 4.62 89.39 94.01 NOTE
r-devel-linux-x86_64-debian-gcc 1.1 3.06 70.28 73.34 NOTE
r-devel-linux-x86_64-fedora-clang 1.1 117.25 NOTE
r-devel-linux-x86_64-fedora-gcc 1.1 116.06 NOTE
r-devel-windows-ix86+x86_64 1.1 9.00 157.00 166.00 NOTE
r-patched-linux-x86_64 1.1 4.21 109.87 114.08 NOTE
r-patched-solaris-x86 1.1 196.70 NOTE
r-release-linux-x86_64 1.1 3.97 105.95 109.92 NOTE
r-release-windows-ix86+x86_64 1.1 10.00 164.00 174.00 NOTE
r-release-osx-x86_64 1.1 NOTE
r-oldrel-windows-ix86+x86_64 1.1 7.00 148.00 155.00 NOTE
r-oldrel-osx-x86_64 1.1 NOTE

Check Details

Version: 1.1
Check: R code for possible problems
Result: NOTE
    env.var: no visible global function definition for ‘flush.console’
    findres: no visible global function definition for ‘as.formula’
    findres: no visible global function definition for ‘glm’
    findres: no visible global function definition for ‘poisson’
    findres: no visible global function definition for ‘plot’
    point.interactions: no visible global function definition for
     ‘flush.console’
    ppm.ss: no visible global function definition for ‘as.formula’
    ppm.ss: no visible global function definition for ‘terms’
    ppm.ss: no visible global function definition for ‘glm’
    ppm.ss: no visible global function definition for ‘poisson’
    ppm.ss: no visible global function definition for ‘quasi’
    ppmlasso: no visible global function definition for ‘as.formula’
    ppmlasso: no visible global function definition for ‘model.frame’
    ppmlasso: no visible global function definition for ‘is.empty.model’
    ppmlasso: no visible global function definition for ‘model.matrix’
    ppmlasso: no visible binding for global variable ‘contrasts’
    ppmlasso: no visible global function definition for ‘poisson’
    ppmlasso: no visible global function definition for ‘glm’
    ppmlasso: no visible global function definition for ‘flush.console’
    predict.ppmlasso: no visible global function definition for
     ‘as.formula’
    predict.ppmlasso: no visible binding for global variable ‘var’
    predict.ppmlasso: no visible global function definition for ‘rnorm’
    predict.ppmlasso: no visible global function definition for
     ‘model.frame’
    predict.ppmlasso: no visible global function definition for
     ‘is.empty.model’
    predict.ppmlasso: no visible global function definition for
     ‘model.matrix’
    predict.ppmlasso: no visible binding for global variable ‘contrasts’
    predict.ppmlasso: no visible global function definition for ‘sd’
    score.int: no visible global function definition for ‘glm’
    single.lasso: no visible global function definition for ‘flush.console’
    standardise.X: no visible binding for global variable ‘sd’
    predict,ppmlasso: no visible global function definition for
     ‘as.formula’
    predict,ppmlasso: no visible binding for global variable ‘var’
    predict,ppmlasso: no visible global function definition for ‘rnorm’
    predict,ppmlasso: no visible global function definition for
     ‘model.frame’
    predict,ppmlasso: no visible global function definition for
     ‘is.empty.model’
    predict,ppmlasso: no visible global function definition for
     ‘model.matrix’
    predict,ppmlasso: no visible binding for global variable ‘contrasts’
    predict,ppmlasso: no visible global function definition for ‘sd’
    Undefined global functions or variables:
     as.formula contrasts flush.console glm is.empty.model model.frame
     model.matrix plot poisson quasi rnorm sd terms var
    Consider adding
     importFrom("graphics", "plot")
     importFrom("stats", "as.formula", "contrasts", "glm", "is.empty.model",
     "model.frame", "model.matrix", "poisson", "quasi", "rnorm",
     "sd", "terms", "var")
     importFrom("utils", "flush.console")
    to your NAMESPACE file.
Flavors: r-devel-linux-x86_64-debian-clang, r-devel-linux-x86_64-debian-gcc, r-devel-linux-x86_64-fedora-clang, r-devel-linux-x86_64-fedora-gcc, r-devel-windows-ix86+x86_64, r-patched-linux-x86_64, r-patched-solaris-x86, r-release-linux-x86_64, r-release-windows-ix86+x86_64, r-release-osx-x86_64, r-oldrel-windows-ix86+x86_64, r-oldrel-osx-x86_64