CRAN Package Check Results for Package ppsbm

Last updated on 2021-09-19 12:53:26 CEST.

Flavor Version Tinstall Tcheck Ttotal Status Flags
r-devel-linux-x86_64-debian-clang 0.2.2 5.58 54.66 60.24 OK
r-devel-linux-x86_64-debian-gcc 0.2.2 4.03 40.07 44.10 OK
r-devel-linux-x86_64-fedora-clang 0.2.2 78.61 OK
r-devel-linux-x86_64-fedora-gcc 0.2.2 68.28 OK
r-devel-windows-x86_64 0.2.2 7.00 77.00 84.00 OK
r-devel-windows-x86_64-gcc10-UCRT 0.2.2 ERROR
r-patched-linux-x86_64 0.2.2 4.86 52.18 57.04 OK
r-patched-solaris-x86 0.2.2 95.20 OK
r-release-linux-x86_64 0.2.2 5.06 51.61 56.67 OK
r-release-macos-arm64 0.2.2 OK
r-release-macos-x86_64 0.2.2 OK
r-release-windows-ix86+x86_64 0.2.2 11.00 55.00 66.00 OK
r-oldrel-macos-x86_64 0.2.2 OK
r-oldrel-windows-ix86+x86_64 0.2.2 10.00 55.00 65.00 OK

Check Details

Version: 0.2.2
Check: whether package can be installed
Result: WARN
    Found the following significant warnings:
     WARNING: installation-time patches will not be applied, could not get the patches index
Flavor: r-devel-windows-x86_64-gcc10-UCRT

Version: 0.2.2
Check: PDF version of manual
Result: WARN
    LaTeX errors when creating PDF version.
    This typically indicates Rd problems.
Flavor: r-devel-windows-x86_64-gcc10-UCRT

Version: 0.2.2
Check: PDF version of manual without hyperrefs or index
Result: ERROR
    Re-running with no redirection of stdout/stderr.
Flavor: r-devel-windows-x86_64-gcc10-UCRT