CRAN Package Check Results for Package ppseq

Last updated on 2021-10-25 04:54:19 CEST.

Flavor Version Tinstall Tcheck Ttotal Status Flags
r-devel-linux-x86_64-debian-clang 0.1.1 7.79 299.29 307.08 OK
r-devel-linux-x86_64-debian-gcc 0.1.1 6.42 226.30 232.72 OK
r-devel-linux-x86_64-fedora-clang 0.1.1 360.88 NOTE
r-devel-linux-x86_64-fedora-gcc 0.1.1 366.44 OK
r-devel-windows-x86_64 0.1.1 15.00 331.00 346.00 NOTE
r-devel-windows-x86_64-gcc10-UCRT 0.1.1 OK
r-patched-linux-x86_64 0.1.1 7.20 300.44 307.64 OK
r-patched-solaris-x86 0.1.1 574.60 NOTE
r-release-linux-x86_64 0.1.1 6.01 300.80 306.81 OK
r-release-macos-arm64 0.1.1 NOTE
r-release-macos-x86_64 0.1.1 NOTE
r-release-windows-ix86+x86_64 0.1.1 14.00 428.00 442.00 NOTE
r-oldrel-macos-x86_64 0.1.1 NOTE
r-oldrel-windows-ix86+x86_64 0.1.1 19.00 439.00 458.00 NOTE

Check Details

Version: 0.1.1
Check: installed package size
Result: NOTE
     installed size is 5.4Mb
     sub-directories of 1Mb or more:
     doc 5.2Mb
Flavors: r-devel-linux-x86_64-fedora-clang, r-devel-windows-x86_64, r-patched-solaris-x86, r-release-macos-arm64, r-release-macos-x86_64, r-release-windows-ix86+x86_64, r-oldrel-macos-x86_64, r-oldrel-windows-ix86+x86_64