CRAN Package Check Results for Package pqrBayes

Last updated on 2024-04-22 08:51:35 CEST.

Flavor Version Tinstall Tcheck Ttotal Status Flags
r-devel-linux-x86_64-debian-clang 1.0.2 70.20 41.01 111.21 NOTE
r-devel-linux-x86_64-debian-gcc 1.0.2 53.86 30.90 84.76 NOTE
r-devel-linux-x86_64-fedora-clang 1.0.2 163.18 NOTE
r-devel-linux-x86_64-fedora-gcc 1.0.2 158.75 NOTE
r-prerel-macos-arm64 1.0.2 37.00 NOTE
r-prerel-windows-x86_64 1.0.2 52.00 72.00 124.00 NOTE
r-patched-linux-x86_64 1.0.2 66.46 38.10 104.56 NOTE
r-release-linux-x86_64 1.0.2 65.96 39.69 105.65 OK
r-release-macos-arm64 1.0.2 42.00 OK
r-release-macos-x86_64 1.0.2 61.00 OK
r-release-windows-x86_64 1.0.2 69.00 85.00 154.00 OK
r-oldrel-macos-arm64 1.0.2 45.00 OK
r-oldrel-windows-x86_64 1.0.2 66.00 84.00 150.00 OK

Check Details

Version: 1.0.2
Check: Rd files
Result: NOTE checkRd: (-1) pqrBayes.Rd:58: Lost braces; missing escapes or markup? 58 | When {sparse=TRUE} (default), spike--and--slab priors are adopted. Otherwise, Laplacian shrinkage will be used. | ^ checkRd: (-1) pqrBayes.Rd:62: Lost braces in \itemize; meant \describe ? checkRd: (-1) pqrBayes.Rd:63: Lost braces in \itemize; meant \describe ? Flavors: r-devel-linux-x86_64-debian-clang, r-devel-linux-x86_64-debian-gcc, r-devel-linux-x86_64-fedora-clang, r-devel-linux-x86_64-fedora-gcc, r-prerel-macos-arm64, r-prerel-windows-x86_64, r-patched-linux-x86_64