CRAN Package Check Results for Package pqrfe

Last updated on 2023-02-05 11:10:43 CET.

Flavor Version Tinstall Tcheck Ttotal Status Flags
r-devel-linux-x86_64-debian-clang 1.1 32.50 36.67 69.17 NOTE
r-devel-linux-x86_64-debian-gcc 1.1 25.08 28.78 53.86 NOTE
r-devel-linux-x86_64-fedora-clang 1.1 100.00 NOTE
r-devel-linux-x86_64-fedora-gcc 1.1 93.96 NOTE
r-devel-windows-x86_64 1.1 42.00 91.00 133.00 NOTE
r-patched-linux-x86_64 1.1 34.60 35.90 70.50 OK
r-release-linux-x86_64 1.1 25.70 34.88 60.58 OK
r-release-macos-arm64 1.1 27.00 OK
r-release-macos-x86_64 1.1 38.00 OK
r-release-windows-x86_64 1.1 42.00 88.00 130.00 OK
r-oldrel-macos-arm64 1.1 28.00 OK
r-oldrel-macos-x86_64 1.1 40.00 OK
r-oldrel-windows-ix86+x86_64 1.1 87.00 83.00 170.00 OK

Check Details

Version: 1.1
Check: C++ specification
Result: NOTE
     Specified C++11: please update to current default of C++17
Flavors: r-devel-linux-x86_64-debian-clang, r-devel-linux-x86_64-debian-gcc, r-devel-linux-x86_64-fedora-clang, r-devel-linux-x86_64-fedora-gcc, r-devel-windows-x86_64