Last updated on 2022-05-18 11:52:38 CEST.
Flavor | Version | Tinstall | Tcheck | Ttotal | Status | Flags |
---|---|---|---|---|---|---|
r-devel-linux-x86_64-debian-clang | 1.1.2 | 2.30 | 36.34 | 38.64 | OK | |
r-devel-linux-x86_64-debian-gcc | 1.1.2 | 2.56 | 27.65 | 30.21 | OK | |
r-devel-linux-x86_64-fedora-clang | 1.1.2 | 46.65 | NOTE | |||
r-devel-linux-x86_64-fedora-gcc | 1.1.2 | 45.59 | NOTE | |||
r-devel-windows-x86_64 | 1.1.2 | 12.00 | 50.00 | 62.00 | OK | |
r-patched-linux-x86_64 | 1.1.2 | 3.31 | 34.34 | 37.65 | OK | |
r-release-linux-x86_64 | 1.1.2 | 2.97 | 35.20 | 38.17 | OK | |
r-release-macos-arm64 | 1.1.2 | 18.00 | NOTE | |||
r-release-macos-x86_64 | 1.1.2 | 6.00 | ERROR | |||
r-release-windows-x86_64 | 1.1.2 | 10.00 | 50.00 | 60.00 | OK | |
r-oldrel-macos-arm64 | 1.1.2 | 14.00 | NOTE | |||
r-oldrel-macos-x86_64 | 1.1.2 | 22.00 | NOTE | |||
r-oldrel-windows-ix86+x86_64 | 1.1.2 | 7.00 | 44.00 | 51.00 | OK |
Version: 1.1.2
Check: dependencies in R code
Result: NOTE
Namespace in Imports field not imported from: ‘lmtest’
All declared Imports should be used.
Flavors: r-devel-linux-x86_64-fedora-clang, r-devel-linux-x86_64-fedora-gcc, r-release-macos-arm64, r-oldrel-macos-arm64, r-oldrel-macos-x86_64
Version: 1.1.2
Check: package dependencies
Result: ERROR
Package required but not available: ‘pcse’
See section ‘The DESCRIPTION file’ in the ‘Writing R Extensions’
manual.
Flavor: r-release-macos-x86_64