CRAN Package Check Results for Package prclust

Last updated on 2019-04-23 02:47:22 CEST.

Flavor Version Tinstall Tcheck Ttotal Status Flags
r-devel-linux-x86_64-debian-clang 1.3 17.65 24.93 42.58 OK
r-devel-linux-x86_64-debian-gcc 1.3 14.51 20.08 34.59 OK
r-devel-linux-x86_64-fedora-clang 1.3 59.04 NOTE
r-devel-linux-x86_64-fedora-gcc 1.3 54.95 NOTE
r-devel-windows-ix86+x86_64 1.3 56.00 54.00 110.00 OK
r-patched-linux-x86_64 1.3 17.72 24.07 41.79 OK
r-patched-solaris-x86 1.3 68.60 OK
r-release-linux-x86_64 1.3 15.73 23.26 38.99 OK
r-release-windows-ix86+x86_64 1.3 33.00 76.00 109.00 OK
r-release-osx-x86_64 1.3 OK
r-oldrel-windows-ix86+x86_64 1.3 37.00 71.00 108.00 OK
r-oldrel-osx-x86_64 1.3 OK

Check Details

Version: 1.3
Check: compiled code
Result: NOTE
    File ‘prclust/libs/prclust.so’:
     Found no calls to: ‘R_registerRoutines’, ‘R_useDynamicSymbols’
    
    It is good practice to register native routines and to disable symbol
    search.
    
    See ‘Writing portable packages’ in the ‘Writing R Extensions’ manual.
Flavors: r-devel-linux-x86_64-fedora-clang, r-devel-linux-x86_64-fedora-gcc