CRAN Package Check Results for Package prclust

Last updated on 2019-07-16 07:50:59 CEST.

Flavor Version Tinstall Tcheck Ttotal Status Flags
r-devel-linux-x86_64-debian-clang 1.3 17.15 24.06 41.21 OK
r-devel-linux-x86_64-debian-gcc 1.3 14.94 19.83 34.77 OK
r-devel-linux-x86_64-fedora-clang 1.3 59.67 NOTE
r-devel-linux-x86_64-fedora-gcc 1.3 56.56 NOTE
r-devel-windows-ix86+x86_64 1.3 48.00 53.00 101.00 OK
r-patched-linux-x86_64 1.3 18.06 23.90 41.96 OK
r-patched-solaris-x86 1.3 71.00 OK
r-release-linux-x86_64 1.3 17.99 23.76 41.75 OK
r-release-windows-ix86+x86_64 1.3 38.00 74.00 112.00 OK
r-release-osx-x86_64 1.3 OK
r-oldrel-windows-ix86+x86_64 1.3 46.00 53.00 99.00 OK
r-oldrel-osx-x86_64 1.3 OK

Check Details

Version: 1.3
Check: compiled code
Result: NOTE
    File ‘prclust/libs/prclust.so’:
     Found no calls to: ‘R_registerRoutines’, ‘R_useDynamicSymbols’
    
    It is good practice to register native routines and to disable symbol
    search.
    
    See ‘Writing portable packages’ in the ‘Writing R Extensions’ manual.
Flavors: r-devel-linux-x86_64-fedora-clang, r-devel-linux-x86_64-fedora-gcc