CRAN Package Check Results for Package precisely

Last updated on 2020-08-14 01:49:14 CEST.

Flavor Version Tinstall Tcheck Ttotal Status Flags
r-devel-linux-x86_64-debian-clang 0.1.0 0.77 2.53 3.30 ERROR
r-devel-linux-x86_64-debian-gcc 0.1.0 4.14 53.59 57.73 OK
r-devel-linux-x86_64-fedora-clang 0.1.0 97.95 NOTE
r-devel-linux-x86_64-fedora-gcc 0.1.0 87.60 NOTE
r-devel-windows-ix86+x86_64 0.1.0 22.00 111.00 133.00 OK
r-patched-linux-x86_64 0.1.0 5.52 68.56 74.08 OK
r-patched-solaris-x86 0.1.0 121.20 NOTE
r-release-linux-x86_64 0.1.0 5.17 68.94 74.11 OK
r-release-macos-x86_64 0.1.0 NOTE
r-release-windows-ix86+x86_64 0.1.0 18.00 114.00 132.00 OK
r-oldrel-macos-x86_64 0.1.0 NOTE
r-oldrel-windows-ix86+x86_64 0.1.0 12.00 80.00 92.00 OK

Check Details

Version: 0.1.0
Check: package dependencies
Result: ERROR
    Package required but not available: 'tidyr'
    
    See section 'The DESCRIPTION file' in the 'Writing R Extensions'
    manual.
Flavor: r-devel-linux-x86_64-debian-clang

Version: 0.1.0
Check: dependencies in R code
Result: NOTE
    Namespaces in Imports field not imported from:
     ‘shinycssloaders’ ‘shinythemes’
     All declared Imports should be used.
Flavors: r-devel-linux-x86_64-fedora-clang, r-devel-linux-x86_64-fedora-gcc, r-patched-solaris-x86, r-release-macos-x86_64, r-oldrel-macos-x86_64