Last updated on 2023-06-07 16:55:39 CEST.
Flavor | Version | Tinstall | Tcheck | Ttotal | Status | Flags |
---|---|---|---|---|---|---|
r-devel-linux-x86_64-debian-clang | 1.0 | 14.21 | 97.56 | 111.77 | OK | |
r-devel-linux-x86_64-debian-gcc | 1.0 | 10.54 | 72.08 | 82.62 | OK | |
r-devel-linux-x86_64-fedora-clang | 1.0 | 138.53 | NOTE | |||
r-devel-linux-x86_64-fedora-gcc | 1.0 | 128.19 | OK | |||
r-devel-windows-x86_64 | 1.0 | 20.00 | 83.00 | 103.00 | NOTE | |
r-patched-linux-x86_64 | 1.0 | 12.59 | 93.34 | 105.93 | OK | |
r-release-linux-x86_64 | 1.0 | 9.54 | 91.30 | 100.84 | OK | |
r-release-macos-arm64 | 1.0 | 44.00 | NOTE | |||
r-release-macos-x86_64 | 1.0 | 71.00 | NOTE | |||
r-release-windows-x86_64 | 1.0 | 26.00 | 94.00 | 120.00 | NOTE | |
r-oldrel-macos-arm64 | 1.0 | 39.00 | NOTE | |||
r-oldrel-macos-x86_64 | 1.0 | 62.00 | NOTE | |||
r-oldrel-windows-x86_64 | 1.0 | 26.00 | 105.00 | 131.00 | NOTE |
Version: 1.0
Check: installed package size
Result: NOTE
installed size is 13.4Mb
sub-directories of 1Mb or more:
data 1.1Mb
extdata 11.6Mb
Flavors: r-devel-linux-x86_64-fedora-clang, r-devel-windows-x86_64, r-release-macos-arm64, r-release-macos-x86_64, r-release-windows-x86_64, r-oldrel-macos-arm64, r-oldrel-macos-x86_64, r-oldrel-windows-x86_64