CRAN Package Check Results for Package predict3d

Last updated on 2019-08-19 07:49:43 CEST.

Flavor Version Tinstall Tcheck Ttotal Status Flags
r-devel-linux-x86_64-debian-clang 0.1.0 11.90 120.80 132.70 OK
r-devel-linux-x86_64-debian-gcc 0.1.0 9.71 92.08 101.79 OK
r-devel-linux-x86_64-fedora-clang 0.1.0 152.99 NOTE
r-devel-linux-x86_64-fedora-gcc 0.1.0 154.81 NOTE
r-devel-windows-ix86+x86_64 0.1.0 45.00 139.00 184.00 OK
r-patched-linux-x86_64 0.1.0 11.56 115.89 127.45 OK
r-patched-solaris-x86 0.1.0 204.40 WARN
r-release-linux-x86_64 0.1.0 11.43 114.54 125.97 OK
r-release-windows-ix86+x86_64 0.1.0 31.00 117.00 148.00 OK
r-release-osx-x86_64 0.1.0 WARN
r-oldrel-windows-ix86+x86_64 0.1.0 30.00 170.00 200.00 OK
r-oldrel-osx-x86_64 0.1.0 WARN

Check Details

Version: 0.1.0
Check: dependencies in R code
Result: NOTE
    Namespace in Imports field not imported from: ‘TH.data’
     All declared Imports should be used.
Flavors: r-devel-linux-x86_64-fedora-clang, r-devel-linux-x86_64-fedora-gcc, r-patched-solaris-x86, r-release-osx-x86_64, r-oldrel-osx-x86_64

Version: 0.1.0
Check: re-building of vignette outputs
Result: WARN
    Error(s) in re-building vignettes:
     ...
    --- re-building ‘predict3d.Rmd’ using rmarkdown
    Warning in engine$weave(file, quiet = quiet, encoding = enc) :
     Pandoc (>= 1.12.3) and/or pandoc-citeproc not available. Falling back to R Markdown v1.
    Loading required package: predict3d
    Loading required package: rgl
    Quitting from lines 46-49 (predict3d.Rmd)
    Error: processing vignette 'predict3d.Rmd' failed with diagnostics:
    cannot open the connection
    --- failed re-building ‘predict3d.Rmd’
    
    SUMMARY: processing the following file failed:
     ‘predict3d.Rmd’
    
    Error: Vignette re-building failed.
    Execution halted
Flavors: r-patched-solaris-x86, r-release-osx-x86_64

Version: 0.1.0
Check: whether package can be installed
Result: WARN
    Found the following significant warnings:
     Warning: 'rgl_init' failed, running with rgl.useNULL = TRUE
Flavors: r-release-osx-x86_64, r-oldrel-osx-x86_64

Version: 0.1.0
Check: re-building of vignette outputs
Result: WARN
    Error in re-building vignettes:
     ...
    Warning in engine$weave(file, quiet = quiet, encoding = enc) :
     Pandoc (>= 1.12.3) and/or pandoc-citeproc not available. Falling back to R Markdown v1.
    Loading required package: predict3d
    Loading required package: rgl
    Quitting from lines 46-49 (predict3d.Rmd)
    Error: processing vignette 'predict3d.Rmd' failed with diagnostics:
    cannot open the connection
    Execution halted
Flavor: r-oldrel-osx-x86_64