CRAN Package Check Results for Package predicts

Last updated on 2023-09-30 09:52:15 CEST.

Flavor Version Tinstall Tcheck Ttotal Status Flags
r-devel-linux-x86_64-debian-clang 0.1-8 33.89 265.01 298.90 OK
r-devel-linux-x86_64-debian-gcc 0.1-8 31.44 191.80 223.24 OK
r-devel-linux-x86_64-fedora-clang 0.1-8 352.61 NOTE
r-devel-linux-x86_64-fedora-gcc 0.1-8 380.87 OK
r-devel-windows-x86_64 0.1-8 26.00 171.00 197.00 OK
r-patched-linux-x86_64 0.1-8 31.41 257.01 288.42 OK
r-release-linux-x86_64 0.1-8 27.98 251.26 279.24 OK
r-release-macos-arm64 0.1-8 80.00 OK
r-release-macos-x86_64 0.1-8 187.00 NOTE
r-release-windows-x86_64 0.1-8 37.00 235.00 272.00 OK
r-oldrel-macos-arm64 0.1-8 77.00 OK
r-oldrel-macos-x86_64 0.1-8 109.00 OK
r-oldrel-windows-x86_64 0.1-8 39.00 222.00 261.00 OK

Check Details

Version: 0.1-8
Check: Rd cross-references
Result: NOTE
    Undeclared package ‘raster’ in Rd xrefs
Flavor: r-devel-linux-x86_64-fedora-clang

Version: 0.1-8
Check: installed package size
Result: NOTE
     installed size is 5.4Mb
     sub-directories of 1Mb or more:
     R 4.0Mb
Flavor: r-release-macos-x86_64