CRAN Package Check Results for Package predtoolsTS

Last updated on 2021-05-14 18:48:21 CEST.

Flavor Version Tinstall Tcheck Ttotal Status Flags
r-devel-linux-x86_64-debian-clang 0.1.1 3.47 47.56 51.03 NOTE
r-devel-linux-x86_64-debian-gcc 0.1.1 2.63 36.16 38.79 NOTE
r-devel-linux-x86_64-fedora-clang 0.1.1 68.42 NOTE
r-devel-linux-x86_64-fedora-gcc 0.1.1 60.84 NOTE
r-devel-windows-ix86+x86_64 0.1.1 9.00 57.00 66.00 NOTE
r-devel-windows-x86_64-gcc10-UCRT 0.1.1 NOTE
r-patched-linux-x86_64 0.1.1 3.97 47.19 51.16 NOTE
r-patched-solaris-x86 0.1.1 88.90 NOTE
r-release-linux-x86_64 0.1.1 3.47 46.22 49.69 OK
r-release-macos-x86_64 0.1.1 OK
r-release-windows-ix86+x86_64 0.1.1 7.00 74.00 81.00 OK
r-oldrel-macos-x86_64 0.1.1 OK
r-oldrel-windows-ix86+x86_64 0.1.1 6.00 66.00 72.00 OK

Check Details

Version: 0.1.1
Check: LazyData
Result: NOTE
     'LazyData' is specified without a 'data' directory
Flavors: r-devel-linux-x86_64-debian-clang, r-devel-linux-x86_64-debian-gcc, r-devel-linux-x86_64-fedora-clang, r-devel-linux-x86_64-fedora-gcc, r-devel-windows-ix86+x86_64, r-devel-windows-x86_64-gcc10-UCRT, r-patched-linux-x86_64, r-patched-solaris-x86