CRAN Package Check Results for Package preferably

Last updated on 2021-10-21 16:49:54 CEST.

Flavor Version Tinstall Tcheck Ttotal Status Flags
r-devel-linux-x86_64-debian-clang 0.3.1 1.98 19.56 21.54 OK
r-devel-linux-x86_64-debian-gcc 0.3.1 1.65 15.86 17.51 OK
r-devel-linux-x86_64-fedora-clang 0.3.1 37.59 NOTE
r-devel-linux-x86_64-fedora-gcc 0.3.1 27.13 NOTE
r-devel-windows-x86_64 0.3.1 4.00 40.00 44.00 OK
r-devel-windows-x86_64-gcc10-UCRT 0.3.1 NOTE
r-patched-linux-x86_64 0.3.1 2.18 19.12 21.30 OK
r-patched-solaris-x86 0.3.1 44.10 NOTE
r-release-linux-x86_64 0.3.1 1.85 19.19 21.04 OK
r-release-macos-arm64 0.3.1 NOTE
r-release-macos-x86_64 0.3.1 NOTE
r-release-windows-ix86+x86_64 0.3.1 5.00 38.00 43.00 OK
r-oldrel-macos-x86_64 0.3.1 NOTE
r-oldrel-windows-ix86+x86_64 0.3.1 6.00 39.00 45.00 OK

Check Details

Version: 0.3.1
Check: dependencies in R code
Result: NOTE
    Namespaces in Imports field not imported from:
     ‘knitr’ ‘pkgdown’ ‘rmarkdown’
     All declared Imports should be used.
Flavors: r-devel-linux-x86_64-fedora-clang, r-devel-linux-x86_64-fedora-gcc, r-devel-windows-x86_64-gcc10-UCRT, r-patched-solaris-x86, r-release-macos-arm64, r-release-macos-x86_64, r-oldrel-macos-x86_64