CRAN Package Check Results for Package preputils

Last updated on 2020-04-06 11:47:37 CEST.

Flavor Version Tinstall Tcheck Ttotal Status Flags
r-devel-linux-x86_64-debian-clang 1.0.2 2.64 29.00 31.64 WARN
r-devel-linux-x86_64-debian-gcc 1.0.2 2.07 23.53 25.60 OK
r-devel-linux-x86_64-fedora-clang 1.0.2 38.23 OK
r-devel-linux-x86_64-fedora-gcc 1.0.2 40.67 OK
r-devel-windows-ix86+x86_64 1.0.2 10.00 40.00 50.00 WARN
r-devel-windows-ix86+x86_64-gcc8 1.0.2 7.00 37.00 44.00 WARN
r-patched-linux-x86_64 1.0.2 2.38 27.70 30.08 OK
r-patched-solaris-x86 1.0.2 57.40 OK
r-release-linux-x86_64 1.0.2 2.03 27.44 29.47 OK
r-release-windows-ix86+x86_64 1.0.2 5.00 56.00 61.00 WARN
r-release-osx-x86_64 1.0.2 OK
r-oldrel-windows-ix86+x86_64 1.0.2 4.00 41.00 45.00 WARN
r-oldrel-osx-x86_64 1.0.2 OK

Check Details

Version: 1.0.2
Check: re-building of vignette outputs
Result: WARN
    Error(s) in re-building vignettes:
     ...
    --- re-building 'preputils.Rmd' using rmarkdown
    Error: processing vignette 'preputils.Rmd' failed with diagnostics:
    Scanner error: while parsing a quoted scalar at line 3, column 7 found unknown escape character at line 10, column 4
    
    --- failed re-building 'preputils.Rmd'
    
    SUMMARY: processing the following file failed:
     'preputils.Rmd'
    
    Error: Vignette re-building failed.
    Execution halted
Flavor: r-devel-linux-x86_64-debian-clang

Version: 1.0.2
Check: re-building of vignette outputs
Result: WARN
    Error(s) in re-building vignettes:
    --- re-building 'preputils.Rmd' using rmarkdown
    Error: processing vignette 'preputils.Rmd' failed with diagnostics:
    Scanner error: while parsing a quoted scalar at line 3, column 7 found unknown escape character at line 10, column 4
    
    --- failed re-building 'preputils.Rmd'
    
    SUMMARY: processing the following file failed:
     'preputils.Rmd'
    
    Error: Vignette re-building failed.
    Execution halted
Flavors: r-devel-windows-ix86+x86_64, r-devel-windows-ix86+x86_64-gcc8, r-release-windows-ix86+x86_64

Version: 1.0.2
Check: re-building of vignette outputs
Result: WARN
    Error in re-building vignettes:
     ...
    Error: processing vignette 'preputils.Rmd' failed with diagnostics:
    Scanner error: while parsing a quoted scalar at line 3, column 7 found unknown escape character at line 10, column 4
    Execution halted
Flavor: r-oldrel-windows-ix86+x86_64