CRAN Package Check Results for Package preputils

Last updated on 2021-10-28 12:59:26 CEST.

Flavor Version Tinstall Tcheck Ttotal Status Flags
r-devel-linux-x86_64-debian-clang 1.0.3 2.51 27.53 30.04 NOTE
r-devel-linux-x86_64-debian-gcc 1.0.3 1.97 21.34 23.31 NOTE
r-devel-linux-x86_64-fedora-clang 1.0.3 47.66 NOTE
r-devel-linux-x86_64-fedora-gcc 1.0.3 36.28 NOTE
r-devel-windows-x86_64 1.0.3 4.00 34.00 38.00 NOTE
r-devel-windows-x86_64-gcc10-UCRT 1.0.3 NOTE
r-patched-linux-x86_64 1.0.3 2.49 26.23 28.72 NOTE
r-patched-solaris-x86 1.0.3 56.90 NOTE
r-release-linux-x86_64 1.0.3 2.20 26.16 28.36 NOTE
r-release-macos-arm64 1.0.3 NOTE
r-release-macos-x86_64 1.0.3 NOTE
r-release-windows-ix86+x86_64 1.0.3 5.00 48.00 53.00 NOTE
r-oldrel-macos-x86_64 1.0.3 OK
r-oldrel-windows-ix86+x86_64 1.0.3 6.00 43.00 49.00 OK

Check Details

Version: 1.0.3
Check: LazyData
Result: NOTE
     'LazyData' is specified without a 'data' directory
Flavors: r-devel-linux-x86_64-debian-clang, r-devel-linux-x86_64-debian-gcc, r-devel-linux-x86_64-fedora-clang, r-devel-linux-x86_64-fedora-gcc, r-devel-windows-x86_64, r-devel-windows-x86_64-gcc10-UCRT, r-patched-linux-x86_64, r-patched-solaris-x86, r-release-linux-x86_64, r-release-macos-arm64, r-release-macos-x86_64, r-release-windows-ix86+x86_64