CRAN Package Check Results for Package preputils

Last updated on 2024-06-20 23:57:36 CEST.

Flavor Version Tinstall Tcheck Ttotal Status Flags
r-devel-linux-x86_64-debian-clang 1.0.3 2.96 29.91 32.87 NOTE
r-devel-linux-x86_64-debian-gcc 1.0.3 2.16 23.23 25.39 NOTE
r-devel-linux-x86_64-fedora-clang 1.0.3 42.52 NOTE
r-devel-linux-x86_64-fedora-gcc 1.0.3 39.34 NOTE
r-devel-windows-x86_64 1.0.3 3.00 45.00 48.00 NOTE
r-patched-linux-x86_64 1.0.3 2.59 28.52 31.11 NOTE
r-release-linux-x86_64 1.0.3 1.92 29.17 31.09 NOTE
r-release-macos-arm64 1.0.3 18.00 NOTE
r-release-macos-x86_64 1.0.3 23.00 NOTE
r-release-windows-x86_64 1.0.3 3.00 46.00 49.00 NOTE
r-oldrel-macos-arm64 1.0.3 21.00 NOTE
r-oldrel-macos-x86_64 1.0.3 23.00 NOTE
r-oldrel-windows-x86_64 1.0.3 3.00 48.00 51.00 NOTE

Check Details

Version: 1.0.3
Check: LazyData
Result: NOTE 'LazyData' is specified without a 'data' directory Flavors: r-devel-linux-x86_64-debian-clang, r-devel-linux-x86_64-debian-gcc, r-devel-linux-x86_64-fedora-clang, r-devel-linux-x86_64-fedora-gcc, r-devel-windows-x86_64, r-patched-linux-x86_64, r-release-linux-x86_64, r-release-macos-arm64, r-release-macos-x86_64, r-release-windows-x86_64, r-oldrel-macos-arm64, r-oldrel-macos-x86_64, r-oldrel-windows-x86_64