Last updated on 2023-09-30 22:59:15 CEST.
Flavor | Version | Tinstall | Tcheck | Ttotal | Status | Flags |
---|---|---|---|---|---|---|
r-devel-linux-x86_64-debian-clang | 0.2.9 | 4.26 | 102.59 | 106.85 | OK | |
r-devel-linux-x86_64-debian-gcc | 0.2.9 | 4.55 | 78.36 | 82.91 | OK | |
r-devel-linux-x86_64-fedora-clang | 0.2.9 | 137.61 | NOTE | |||
r-devel-linux-x86_64-fedora-gcc | 0.2.9 | 141.60 | NOTE | |||
r-devel-windows-x86_64 | 0.2.9 | 6.00 | 122.00 | 128.00 | OK | |
r-patched-linux-x86_64 | 0.2.9 | 6.08 | 100.17 | 106.25 | OK | |
r-release-linux-x86_64 | 0.2.9 | 5.20 | 102.15 | 107.35 | OK | |
r-release-macos-arm64 | 0.2.9 | 100.00 | OK | |||
r-release-macos-x86_64 | 0.2.9 | 182.00 | OK | |||
r-release-windows-x86_64 | 0.2.9 | 8.00 | 140.00 | 148.00 | OK | |
r-oldrel-macos-arm64 | 0.2.9 | 71.00 | OK | |||
r-oldrel-macos-x86_64 | 0.2.9 | 82.00 | OK | |||
r-oldrel-windows-x86_64 | 0.2.9 | 8.00 | 133.00 | 141.00 | OK |
Version: 0.2.9
Check: data for non-ASCII characters
Result: NOTE
Note: found 96 marked UTF-8 strings
Flavors: r-devel-linux-x86_64-fedora-clang, r-devel-linux-x86_64-fedora-gcc