CRAN Package Check Results for Package presenter

Last updated on 2021-12-03 23:50:07 CET.

Flavor Version Tinstall Tcheck Ttotal Status Flags
r-devel-linux-x86_64-debian-clang 0.1.1 3.53 46.80 50.33 OK
r-devel-linux-x86_64-debian-gcc 0.1.1 2.98 35.48 38.46 OK
r-devel-linux-x86_64-fedora-clang 0.1.1 71.99 NOTE
r-devel-linux-x86_64-fedora-gcc 0.1.1 59.95 NOTE
r-devel-windows-x86_64-new-UL 0.1.1 12.00 109.00 121.00 OK
r-devel-windows-x86_64-new-TK 0.1.1 NOTE
r-devel-windows-x86_64-old 0.1.1 9.00 73.00 82.00 OK
r-patched-linux-x86_64 0.1.1 4.03 51.20 55.23 OK
r-release-linux-x86_64 0.1.1 3.15 51.37 54.52 OK
r-release-macos-arm64 0.1.1 NOTE
r-release-macos-x86_64 0.1.1 NOTE
r-release-windows-ix86+x86_64 0.1.1 9.00 83.00 92.00 OK
r-oldrel-macos-x86_64 0.1.1 NOTE
r-oldrel-windows-ix86+x86_64 0.1.1 9.00 85.00 94.00 OK

Check Details

Version: 0.1.1
Check: dependencies in R code
Result: NOTE
    Namespace in Imports field not imported from: ‘badger’
     All declared Imports should be used.
Flavors: r-devel-linux-x86_64-fedora-clang, r-devel-linux-x86_64-fedora-gcc, r-devel-windows-x86_64-new-TK, r-release-macos-arm64, r-release-macos-x86_64, r-oldrel-macos-x86_64