CRAN Package Check Results for Package presentes

Last updated on 2020-04-09 00:50:37 CEST.

Flavor Version Tinstall Tcheck Ttotal Status Flags
r-devel-linux-x86_64-debian-clang 0.1.0 3.90 24.78 28.68 OK
r-devel-linux-x86_64-debian-gcc 0.1.0 3.55 20.34 23.89 OK
r-devel-linux-x86_64-fedora-clang 0.1.0 35.52 NOTE
r-devel-linux-x86_64-fedora-gcc 0.1.0 39.38 NOTE
r-devel-windows-ix86+x86_64 0.1.0 8.00 53.00 61.00 OK
r-devel-windows-ix86+x86_64-gcc8 0.1.0 9.00 52.00 61.00 OK
r-patched-linux-x86_64 0.1.0 4.17 24.69 28.86 OK
r-patched-solaris-x86 0.1.0 55.90 NOTE
r-release-linux-x86_64 0.1.0 3.31 23.53 26.84 OK
r-release-windows-ix86+x86_64 0.1.0 7.00 50.00 57.00 OK
r-release-osx-x86_64 0.1.0 NOTE
r-oldrel-windows-ix86+x86_64 0.1.0 8.00 35.00 43.00 OK
r-oldrel-osx-x86_64 0.1.0 NOTE

Check Details

Version: 0.1.0
Check: data for non-ASCII characters
Result: NOTE
     Note: found 42966 marked UTF-8 strings
Flavors: r-devel-linux-x86_64-fedora-clang, r-devel-linux-x86_64-fedora-gcc, r-patched-solaris-x86, r-release-osx-x86_64, r-oldrel-osx-x86_64