CRAN Package Check Results for Package prettifyAddins

Last updated on 2022-10-02 07:54:33 CEST.

Flavor Version Tinstall Tcheck Ttotal Status Flags
r-devel-linux-x86_64-debian-clang 2.5.0 6.41 57.75 64.16 OK
r-devel-linux-x86_64-debian-gcc 2.5.0 5.22 44.07 49.29 OK
r-devel-linux-x86_64-fedora-clang 2.5.0 88.55 NOTE
r-devel-linux-x86_64-fedora-gcc 2.5.0 84.40 OK
r-devel-windows-x86_64 2.5.0 49.00 86.00 135.00 NOTE
r-patched-linux-x86_64 2.5.0 7.22 54.84 62.06 OK
r-release-linux-x86_64 2.5.0 5.30 54.43 59.73 OK
r-release-macos-arm64 2.5.0 25.00 NOTE
r-release-macos-x86_64 2.5.0 39.00 NOTE
r-release-windows-x86_64 2.5.0 58.00 87.00 145.00 NOTE
r-oldrel-macos-arm64 2.5.0 25.00 NOTE
r-oldrel-macos-x86_64 2.5.0 37.00 NOTE
r-oldrel-windows-ix86+x86_64 2.5.0 16.00 83.00 99.00 NOTE

Check Details

Version: 2.5.0
Check: installed package size
Result: NOTE
     installed size is 5.6Mb
     sub-directories of 1Mb or more:
     shinyApp 5.4Mb
Flavors: r-devel-linux-x86_64-fedora-clang, r-devel-windows-x86_64, r-release-macos-arm64, r-release-macos-x86_64, r-release-windows-x86_64, r-oldrel-macos-arm64, r-oldrel-macos-x86_64, r-oldrel-windows-ix86+x86_64