Last updated on 2023-03-31 04:51:56 CEST.
Flavor | Version | Tinstall | Tcheck | Ttotal | Status | Flags |
---|---|---|---|---|---|---|
r-devel-linux-x86_64-debian-clang | 2.5.0 | 7.36 | 53.28 | 60.64 | OK | |
r-devel-linux-x86_64-debian-gcc | 2.5.0 | 5.59 | 41.43 | 47.02 | OK | |
r-devel-linux-x86_64-fedora-clang | 2.5.0 | 74.93 | NOTE | |||
r-devel-linux-x86_64-fedora-gcc | 2.5.0 | 71.70 | OK | |||
r-devel-windows-x86_64 | 2.5.0 | 66.00 | 0.00 | 66.00 | NOTE | |
r-patched-linux-x86_64 | 2.5.0 | 6.95 | 51.02 | 57.97 | OK | |
r-release-linux-x86_64 | 2.5.0 | 5.87 | 54.47 | 60.34 | OK | |
r-release-macos-arm64 | 2.5.0 | 25.00 | NOTE | |||
r-release-macos-x86_64 | 2.5.0 | 39.00 | NOTE | |||
r-release-windows-x86_64 | 2.5.0 | 13.00 | 96.00 | 109.00 | NOTE | |
r-oldrel-macos-arm64 | 2.5.0 | 25.00 | NOTE | |||
r-oldrel-macos-x86_64 | 2.5.0 | 37.00 | NOTE | |||
r-oldrel-windows-ix86+x86_64 | 2.5.0 | 16.00 | 84.00 | 100.00 | NOTE |
Version: 2.5.0
Check: installed package size
Result: NOTE
installed size is 5.6Mb
sub-directories of 1Mb or more:
shinyApp 5.4Mb
Flavors: r-devel-linux-x86_64-fedora-clang, r-devel-windows-x86_64, r-release-macos-arm64, r-release-macos-x86_64, r-release-windows-x86_64, r-oldrel-macos-arm64, r-oldrel-macos-x86_64, r-oldrel-windows-ix86+x86_64
Version: 2.5.0
Check: R code for possible problems
Result: NOTE
Initiating curl with CURL_SSL_BACKEND: openssl
Flavor: r-oldrel-windows-ix86+x86_64