Last updated on 2023-06-06 17:00:53 CEST.
Flavor | Version | Tinstall | Tcheck | Ttotal | Status | Flags |
---|---|---|---|---|---|---|
r-devel-linux-x86_64-debian-clang | 0.2.2 | 2.58 | 33.21 | 35.79 | NOTE | |
r-devel-linux-x86_64-debian-gcc | 0.2.2 | 1.99 | 25.41 | 27.40 | NOTE | |
r-devel-linux-x86_64-fedora-clang | 0.2.2 | 45.61 | NOTE | |||
r-devel-linux-x86_64-fedora-gcc | 0.2.2 | 54.70 | NOTE | |||
r-devel-windows-x86_64 | 0.2.2 | 7.00 | 49.00 | 56.00 | NOTE | |
r-patched-linux-x86_64 | 0.2.2 | 3.53 | 31.48 | 35.01 | NOTE | |
r-release-linux-x86_64 | 0.2.2 | 3.38 | 31.35 | 34.73 | NOTE | |
r-release-macos-arm64 | 0.2.2 | 24.00 | NOTE | |||
r-release-macos-x86_64 | 0.2.2 | 36.00 | NOTE | |||
r-release-windows-x86_64 | 0.2.2 | 5.00 | 50.00 | 55.00 | NOTE | |
r-oldrel-macos-arm64 | 0.2.2 | 21.00 | NOTE | |||
r-oldrel-macos-x86_64 | 0.2.2 | 27.00 | NOTE | |||
r-oldrel-windows-x86_64 | 0.2.2 | 5.00 | 50.00 | 55.00 | NOTE |
Version: 0.2.2
Check: LazyData
Result: NOTE
'LazyData' is specified without a 'data' directory
Flavors: r-devel-linux-x86_64-debian-clang, r-devel-linux-x86_64-debian-gcc, r-devel-linux-x86_64-fedora-clang, r-devel-linux-x86_64-fedora-gcc, r-devel-windows-x86_64, r-patched-linux-x86_64, r-release-linux-x86_64, r-release-macos-arm64, r-release-macos-x86_64, r-release-windows-x86_64, r-oldrel-macos-arm64, r-oldrel-macos-x86_64, r-oldrel-windows-x86_64