CRAN Package Check Results for Package prettyR

Last updated on 2021-04-12 22:51:11 CEST.

Flavor Version Tinstall Tcheck Ttotal Status Flags
r-devel-linux-x86_64-debian-clang 2.2-3 3.78 30.00 33.78 NOTE
r-devel-linux-x86_64-debian-gcc 2.2-3 2.61 23.55 26.16 NOTE
r-devel-linux-x86_64-fedora-clang 2.2-3 50.27 NOTE
r-devel-linux-x86_64-fedora-gcc 2.2-3 39.93 NOTE
r-devel-windows-ix86+x86_64 2.2-3 7.00 46.00 53.00 OK
r-devel-windows-x86_64-gcc10-UCRT 2.2-3 OK
r-patched-linux-x86_64 2.2-3 3.44 28.35 31.79 NOTE
r-patched-solaris-x86 2.2-3 56.80 NOTE
r-release-linux-x86_64 2.2-3 3.73 28.64 32.37 NOTE
r-release-macos-x86_64 2.2-3 OK
r-release-windows-ix86+x86_64 2.2-3 7.00 32.00 39.00 OK
r-oldrel-macos-x86_64 2.2-3 OK
r-oldrel-windows-ix86+x86_64 2.2-3 8.00 173.00 181.00 OK

Check Details

Version: 2.2-3
Check: for non-standard things in the check directory
Result: NOTE
    Found the following files/directories:
     'hista.png' 'plotcd.png' 'test.R' 'test.html' 'testR2html.R'
     'testglm.csv' 'testglm.html' 'testglm.tab'
Flavors: r-devel-linux-x86_64-debian-clang, r-devel-linux-x86_64-debian-gcc, r-devel-linux-x86_64-fedora-clang, r-devel-linux-x86_64-fedora-gcc, r-patched-linux-x86_64, r-patched-solaris-x86, r-release-linux-x86_64