CRAN Package Check Results for Package prettyR

Last updated on 2019-11-20 16:46:44 CET.

Flavor Version Tinstall Tcheck Ttotal Status Flags
r-devel-linux-x86_64-debian-clang 2.2-3 3.51 24.87 28.38 NOTE
r-devel-linux-x86_64-debian-gcc 2.2-3 3.00 20.72 23.72 NOTE
r-devel-linux-x86_64-fedora-clang 2.2-3 34.65 NOTE
r-devel-linux-x86_64-fedora-gcc 2.2-3 37.63 NOTE
r-devel-windows-ix86+x86_64 2.2-3 7.00 37.00 44.00 OK
r-devel-windows-ix86+x86_64-gcc8 2.2-3 9.00 38.00 47.00 OK
r-patched-linux-x86_64 2.2-3 2.70 24.02 26.72 OK
r-patched-solaris-x86 2.2-3 46.60 OK
r-release-linux-x86_64 2.2-3 2.96 24.05 27.01 OK
r-release-windows-ix86+x86_64 2.2-3 8.00 173.00 181.00 OK
r-release-osx-x86_64 2.2-3 OK
r-oldrel-windows-ix86+x86_64 2.2-3 4.00 32.00 36.00 OK
r-oldrel-osx-x86_64 2.2-3 OK

Check Details

Version: 2.2-3
Check: for non-standard things in the check directory
Result: NOTE
    Found the following files/directories:
     'hista.png' 'plotcd.png' 'test.R' 'test.html' 'testR2html.R'
     'testglm.csv' 'testglm.html' 'testglm.tab'
Flavors: r-devel-linux-x86_64-debian-clang, r-devel-linux-x86_64-debian-gcc, r-devel-linux-x86_64-fedora-clang, r-devel-linux-x86_64-fedora-gcc