CRAN Package Check Results for Package prettyR

Last updated on 2022-01-20 13:50:18 CET.

Flavor Version Tinstall Tcheck Ttotal Status Flags
r-devel-linux-x86_64-debian-clang 2.2-3 NOTE
r-devel-linux-x86_64-debian-gcc 2.2-3 2.80 29.66 32.46 NOTE
r-devel-linux-x86_64-fedora-clang 2.2-3 52.42 NOTE
r-devel-linux-x86_64-fedora-gcc 2.2-3 39.73 NOTE
r-devel-windows-x86_64-new-UL 2.2-3 49.00 57.00 106.00 OK
r-devel-windows-x86_64-new-TK 2.2-3 OK
r-patched-linux-x86_64 2.2-3 4.76 36.75 41.51 NOTE
r-release-linux-x86_64 2.2-3 3.95 36.50 40.45 NOTE
r-release-macos-arm64 2.2-3 OK
r-release-macos-x86_64 2.2-3 OK
r-release-windows-ix86+x86_64 2.2-3 7.00 37.00 44.00 OK
r-oldrel-macos-x86_64 2.2-3 OK
r-oldrel-windows-ix86+x86_64 2.2-3 7.00 32.00 39.00 OK

Check Details

Version: 2.2-3
Check: for non-standard things in the check directory
Result: NOTE
    Found the following files/directories:
     'hista.png' 'plotcd.png' 'test.R' 'test.html' 'testR2html.R'
     'testglm.csv' 'testglm.html' 'testglm.tab'
Flavors: r-devel-linux-x86_64-debian-clang, r-devel-linux-x86_64-debian-gcc, r-devel-linux-x86_64-fedora-clang, r-devel-linux-x86_64-fedora-gcc, r-patched-linux-x86_64, r-release-linux-x86_64