CRAN Package Check Results for Package prettymapr

Last updated on 2021-06-24 22:54:36 CEST.

Flavor Version Tinstall Tcheck Ttotal Status Flags
r-devel-linux-x86_64-debian-clang 0.2.2 2.68 29.43 32.11 NOTE
r-devel-linux-x86_64-debian-gcc 0.2.2 2.19 22.78 24.97 NOTE
r-devel-linux-x86_64-fedora-clang 0.2.2 47.58 NOTE
r-devel-linux-x86_64-fedora-gcc 0.2.2 37.17 NOTE
r-devel-windows-x86_64 0.2.2 5.00 40.00 45.00 NOTE
r-devel-windows-x86_64-gcc10-UCRT 0.2.2 NOTE
r-patched-linux-x86_64 0.2.2 3.26 28.80 32.06 NOTE
r-patched-solaris-x86 0.2.2 56.60 NOTE
r-release-linux-x86_64 0.2.2 2.73 28.53 31.26 NOTE
r-release-macos-arm64 0.2.2 NOTE
r-release-macos-x86_64 0.2.2 NOTE
r-release-windows-ix86+x86_64 0.2.2 6.00 39.00 45.00 NOTE
r-oldrel-macos-x86_64 0.2.2 OK
r-oldrel-windows-ix86+x86_64 0.2.2 6.00 47.00 53.00 OK

Check Details

Version: 0.2.2
Check: LazyData
Result: NOTE
     'LazyData' is specified without a 'data' directory
Flavors: r-devel-linux-x86_64-debian-clang, r-devel-linux-x86_64-debian-gcc, r-devel-linux-x86_64-fedora-clang, r-devel-linux-x86_64-fedora-gcc, r-devel-windows-x86_64, r-devel-windows-x86_64-gcc10-UCRT, r-patched-linux-x86_64, r-patched-solaris-x86, r-release-linux-x86_64, r-release-macos-arm64, r-release-macos-x86_64, r-release-windows-ix86+x86_64

Version: 0.2.2
Check: package dependencies
Result: NOTE
    Packages suggested but not available for checking: 'rosm', 'rgdal'
Flavor: r-release-macos-arm64