CRAN Package Check Results for Package prettyunits

Last updated on 2022-10-05 10:51:48 CEST.

Flavor Version Tinstall Tcheck Ttotal Status Flags
r-devel-linux-x86_64-debian-clang 1.1.1 1.90 26.17 28.07 NOTE
r-devel-linux-x86_64-debian-gcc 1.1.1 1.32 20.10 21.42 NOTE
r-devel-linux-x86_64-fedora-clang 1.1.1 46.78 NOTE
r-devel-linux-x86_64-fedora-gcc 1.1.1 44.04 NOTE
r-devel-windows-x86_64 1.1.1 29.00 60.00 89.00 NOTE
r-patched-linux-x86_64 1.1.1 2.02 25.27 27.29 NOTE
r-release-linux-x86_64 1.1.1 1.72 24.64 26.36 NOTE
r-release-macos-arm64 1.1.1 16.00 NOTE
r-release-macos-x86_64 1.1.1 25.00 NOTE
r-release-windows-x86_64 1.1.1 22.00 56.00 78.00 NOTE
r-oldrel-macos-arm64 1.1.1 22.00 NOTE
r-oldrel-macos-x86_64 1.1.1 30.00 NOTE
r-oldrel-windows-ix86+x86_64 1.1.1 6.00 50.00 56.00 NOTE

Check Details

Version: 1.1.1
Check: LazyData
Result: NOTE
     'LazyData' is specified without a 'data' directory
Flavors: r-devel-linux-x86_64-debian-clang, r-devel-linux-x86_64-debian-gcc, r-devel-linux-x86_64-fedora-clang, r-devel-linux-x86_64-fedora-gcc, r-devel-windows-x86_64, r-patched-linux-x86_64, r-release-linux-x86_64, r-release-macos-arm64, r-release-macos-x86_64, r-release-windows-x86_64, r-oldrel-macos-arm64, r-oldrel-macos-x86_64, r-oldrel-windows-ix86+x86_64