CRAN Package Check Results for Package prevederer

Last updated on 2024-06-24 10:48:23 CEST.

Flavor Version Tinstall Tcheck Ttotal Status Flags
r-devel-linux-x86_64-debian-clang 0.0.1 2.23 24.95 27.18 NOTE
r-devel-linux-x86_64-debian-gcc 0.0.1 1.89 19.16 21.05 NOTE
r-devel-linux-x86_64-fedora-clang 0.0.1 34.38 NOTE
r-devel-linux-x86_64-fedora-gcc 0.0.1 32.94 NOTE
r-devel-windows-x86_64 0.0.1 3.00 43.00 46.00 NOTE
r-patched-linux-x86_64 0.0.1 2.50 24.42 26.92 NOTE
r-release-linux-x86_64 0.0.1 2.41 24.29 26.70 NOTE
r-release-macos-arm64 0.0.1 15.00 NOTE
r-release-macos-x86_64 0.0.1 23.00 NOTE
r-release-windows-x86_64 0.0.1 4.00 43.00 47.00 NOTE
r-oldrel-macos-arm64 0.0.1 17.00 NOTE
r-oldrel-macos-x86_64 0.0.1 21.00 NOTE
r-oldrel-windows-x86_64 0.0.1 4.00 44.00 48.00 NOTE

Check Details

Version: 0.0.1
Check: LazyData
Result: NOTE 'LazyData' is specified without a 'data' directory Flavors: r-devel-linux-x86_64-debian-clang, r-devel-linux-x86_64-debian-gcc, r-devel-linux-x86_64-fedora-clang, r-devel-linux-x86_64-fedora-gcc, r-devel-windows-x86_64, r-patched-linux-x86_64, r-release-linux-x86_64, r-release-macos-arm64, r-release-macos-x86_64, r-release-windows-x86_64, r-oldrel-macos-arm64, r-oldrel-macos-x86_64, r-oldrel-windows-x86_64