CRAN Package Check Results for Package priceR

Last updated on 2021-04-10 16:48:35 CEST.

Flavor Version Tinstall Tcheck Ttotal Status Flags
r-devel-linux-x86_64-debian-clang 0.1.5 5.06 49.43 54.49 NOTE
r-devel-linux-x86_64-debian-gcc 0.1.5 4.07 36.78 40.85 NOTE
r-devel-linux-x86_64-fedora-clang 0.1.5 70.75 NOTE
r-devel-linux-x86_64-fedora-gcc 0.1.5 58.92 NOTE
r-devel-windows-ix86+x86_64 0.1.5 9.00 61.00 70.00 NOTE
r-devel-windows-x86_64-gcc10-UCRT 0.1.5 NOTE
r-patched-linux-x86_64 0.1.5 4.50 45.60 50.10 OK
r-patched-solaris-x86 0.1.5 95.30 NOTE
r-release-linux-x86_64 0.1.5 5.00 47.04 52.04 OK
r-release-macos-x86_64 0.1.5 NOTE
r-release-windows-ix86+x86_64 0.1.5 15.00 77.00 92.00 OK
r-oldrel-macos-x86_64 0.1.5 NOTE
r-oldrel-windows-ix86+x86_64 0.1.5 10.00 71.00 81.00 OK

Check Details

Version: 0.1.5
Check: LazyData
Result: NOTE
     'LazyData' is specified without a 'data' directory
Flavors: r-devel-linux-x86_64-debian-clang, r-devel-linux-x86_64-debian-gcc, r-devel-linux-x86_64-fedora-clang, r-devel-linux-x86_64-fedora-gcc, r-devel-windows-ix86+x86_64, r-devel-windows-x86_64-gcc10-UCRT

Version: 0.1.5
Check: dependencies in R code
Result: NOTE
    Namespaces in Imports field not imported from:
     ‘curl’ ‘lubridate’
     All declared Imports should be used.
Flavors: r-devel-linux-x86_64-fedora-clang, r-devel-linux-x86_64-fedora-gcc, r-devel-windows-x86_64-gcc10-UCRT, r-patched-solaris-x86, r-release-macos-x86_64, r-oldrel-macos-x86_64