Last updated on 2023-02-06 19:54:32 CET.
Flavor | Version | Tinstall | Tcheck | Ttotal | Status | Flags |
---|---|---|---|---|---|---|
r-devel-linux-x86_64-debian-clang | 2.1.6 | 21.17 | 34.82 | 55.99 | OK | |
r-devel-linux-x86_64-debian-gcc | 2.1.6 | 16.98 | 27.04 | 44.02 | OK | |
r-devel-linux-x86_64-fedora-clang | 2.1.6 | 77.76 | OK | |||
r-devel-linux-x86_64-fedora-gcc | 2.1.6 | 73.22 | OK | |||
r-devel-windows-x86_64 | 2.1.6 | 34.00 | 86.00 | 120.00 | OK | |
r-patched-linux-x86_64 | 2.1.6 | 17.65 | 35.39 | 53.04 | OK | |
r-release-linux-x86_64 | 2.1.6 | 16.55 | 34.62 | 51.17 | OK | |
r-release-macos-arm64 | 2.1.6 | 24.00 | OK | |||
r-release-macos-x86_64 | 2.1.6 | 34.00 | OK | |||
r-release-windows-x86_64 | 2.1.6 | 31.00 | 89.00 | 120.00 | OK | |
r-oldrel-macos-arm64 | 2.1.6 | 31.00 | OK | |||
r-oldrel-macos-x86_64 | 2.1.6 | 46.00 | OK | |||
r-oldrel-windows-ix86+x86_64 | 2.1.6 | 50.00 | 103.00 | 153.00 | WARN |
Version: 2.1.6
Check: for unstated dependencies in ‘tests’
Result: WARN
Warning: unable to access index for repository https://bioconductor.org/packages/3.14/bioc/src/contrib:
cannot open URL 'https://bioconductor.org/packages/3.14/bioc/src/contrib/PACKAGES'
Warning: unable to access index for repository https://bioconductor.org/packages/3.14/data/annotation/src/contrib:
cannot open URL 'https://bioconductor.org/packages/3.14/data/annotation/src/contrib/PACKAGES'
Warning: unable to access index for repository https://bioconductor.org/packages/3.14/data/experiment/src/contrib:
cannot open URL 'https://bioconductor.org/packages/3.14/data/experiment/src/contrib/PACKAGES'
Flavor: r-oldrel-windows-ix86+x86_64