CRAN Package Check Results for Package prioGene

Last updated on 2020-04-02 04:47:57 CEST.

Flavor Version Tinstall Tcheck Ttotal Status Flags
r-devel-linux-x86_64-debian-clang 1.0.1 17.10 148.15 165.25 OK
r-devel-linux-x86_64-debian-gcc 1.0.1 15.76 113.11 128.87 OK
r-devel-linux-x86_64-fedora-clang 1.0.1 196.78 OK
r-devel-linux-x86_64-fedora-gcc 1.0.1 196.71 OK
r-devel-windows-ix86+x86_64 1.0.1 9.00 6.00 15.00 ERROR
r-devel-windows-ix86+x86_64-gcc8 1.0.1 9.00 6.00 15.00 ERROR
r-patched-linux-x86_64 1.0.1 15.43 141.16 156.59 OK
r-patched-solaris-x86 1.0.1 293.10 OK
r-release-linux-x86_64 1.0.1 13.75 129.56 143.31 OK
r-release-windows-ix86+x86_64 1.0.1 31.00 142.00 173.00 OK
r-release-osx-x86_64 1.0.1 ERROR
r-oldrel-osx-x86_64 1.0.1 ERROR

Check Details

Version: 1.0.1
Check: whether package can be installed
Result: ERROR
    Installation failed.
Flavors: r-devel-windows-ix86+x86_64, r-devel-windows-ix86+x86_64-gcc8, r-oldrel-osx-x86_64

Version: 1.0.1
Check: package dependencies
Result: ERROR
    Package required but not available: ‘org.Hs.eg.db’
    
    See section ‘The DESCRIPTION file’ in the ‘Writing R Extensions’
    manual.
Flavor: r-release-osx-x86_64