CRAN Package Check Results for Package prioritizr

Last updated on 2021-06-24 23:50:01 CEST.

Flavor Version Tinstall Tcheck Ttotal Status Flags
r-devel-linux-x86_64-debian-clang 7.0.1 535.44 282.97 818.41 NOTE
r-devel-linux-x86_64-debian-gcc 7.0.1 360.18 208.26 568.44 NOTE
r-devel-linux-x86_64-fedora-clang 7.0.1 1110.24 NOTE
r-devel-linux-x86_64-fedora-gcc 7.0.1 1050.85 NOTE
r-devel-windows-x86_64 7.0.1 655.00 251.00 906.00 NOTE
r-devel-windows-x86_64-gcc10-UCRT 7.0.1 ERROR
r-patched-linux-x86_64 7.0.1 442.17 266.39 708.56 NOTE
r-patched-solaris-x86 7.0.1 915.80 NOTE
r-release-linux-x86_64 7.0.1 431.47 265.53 697.00 NOTE
r-release-macos-arm64 7.0.1 NOTE
r-release-macos-x86_64 7.0.1 NOTE
r-release-windows-ix86+x86_64 7.0.1 906.00 371.00 1277.00 NOTE
r-oldrel-macos-x86_64 7.0.1 NOTE
r-oldrel-windows-ix86+x86_64 7.0.1 1222.00 407.00 1629.00 NOTE

Additional issues

M1mac MKL

Check Details

Version: 7.0.1
Check: package dependencies
Result: NOTE
    Packages suggested but not available for checking: 'gurobi', 'rcbc'
Flavors: r-devel-linux-x86_64-debian-clang, r-devel-linux-x86_64-debian-gcc, r-patched-linux-x86_64, r-release-linux-x86_64

Version: 7.0.1
Check: package dependencies
Result: NOTE
    Packages suggested but not available for checking:
     'gurobi', 'rcbc', 'cplexAPI'
Flavors: r-devel-linux-x86_64-fedora-clang, r-devel-linux-x86_64-fedora-gcc, r-devel-windows-x86_64, r-release-windows-ix86+x86_64, r-oldrel-windows-ix86+x86_64

Version: 7.0.1
Check: installed package size
Result: NOTE
     installed size is 18.9Mb
     sub-directories of 1Mb or more:
     doc 1.9Mb
     libs 14.7Mb
Flavors: r-devel-linux-x86_64-fedora-clang, r-devel-windows-x86_64, r-patched-solaris-x86, r-release-macos-arm64, r-release-macos-x86_64, r-release-windows-ix86+x86_64, r-oldrel-macos-x86_64, r-oldrel-windows-ix86+x86_64

Version: 7.0.1
Check: dependencies in R code
Result: NOTE
    Namespace in Imports field not imported from: ‘exactextractr’
     All declared Imports should be used.
Flavors: r-devel-linux-x86_64-fedora-clang, r-devel-linux-x86_64-fedora-gcc, r-patched-solaris-x86, r-release-macos-arm64, r-release-macos-x86_64, r-oldrel-macos-x86_64

Version: 7.0.1
Check: package dependencies
Result: ERROR
    Package required but not available: 'exactextractr'
    
    Packages suggested but not available for checking:
     'gurobi', 'rcbc', 'cplexAPI'
    
    See section 'The DESCRIPTION file' in the 'Writing R Extensions'
    manual.
Flavor: r-devel-windows-x86_64-gcc10-UCRT

Version: 7.0.1
Check: package dependencies
Result: NOTE
    Packages suggested but not available for checking:
     'gurobi', 'rcbc', 'cplexAPI', 'lpsymphony', 'Rsymphony'
Flavors: r-patched-solaris-x86, r-release-macos-arm64, r-oldrel-macos-x86_64

Version: 7.0.1
Check: package dependencies
Result: NOTE
    Packages suggested but not available for checking:
     'gurobi', 'rcbc', 'cplexAPI', 'lpsymphony'
Flavor: r-release-macos-x86_64