CRAN Package Check Results for Package pro

Last updated on 2023-05-29 20:57:09 CEST.

Flavor Version Tinstall Tcheck Ttotal Status Flags
r-devel-linux-x86_64-debian-clang 0.1.1 1.78 20.88 22.66 NOTE
r-devel-linux-x86_64-debian-gcc 0.1.1 1.55 16.70 18.25 NOTE
r-devel-linux-x86_64-fedora-clang 0.1.1 30.98 NOTE
r-devel-linux-x86_64-fedora-gcc 0.1.1 29.51 NOTE
r-devel-windows-x86_64 0.1.1 2.00 39.00 41.00 NOTE
r-patched-linux-x86_64 0.1.1 1.79 20.46 22.25 NOTE
r-release-linux-x86_64 0.1.1 1.53 20.29 21.82 NOTE
r-release-macos-arm64 0.1.1 15.00 NOTE
r-release-macos-x86_64 0.1.1 20.00 NOTE
r-release-windows-x86_64 0.1.1 2.00 43.00 45.00 OK
r-oldrel-macos-arm64 0.1.1 15.00 OK
r-oldrel-macos-x86_64 0.1.1 21.00 NOTE
r-oldrel-windows-x86_64 0.1.1 4.00 45.00 49.00 OK

Check Details

Version: 0.1.1
Check: package dependencies
Result: NOTE
    Package suggested but not available for checking: ‘cin’
Flavors: r-devel-linux-x86_64-debian-clang, r-devel-linux-x86_64-debian-gcc, r-devel-linux-x86_64-fedora-clang, r-devel-linux-x86_64-fedora-gcc, r-devel-windows-x86_64, r-patched-linux-x86_64, r-release-linux-x86_64, r-release-macos-arm64, r-release-macos-x86_64, r-oldrel-macos-x86_64