CRAN Package Check Results for Package probFDA

Last updated on 2021-12-03 01:51:09 CET.

Flavor Version Tinstall Tcheck Ttotal Status Flags
r-devel-linux-x86_64-debian-clang 1.0.1 2.54 29.06 31.60 NOTE
r-devel-linux-x86_64-debian-gcc 1.0.1 2.23 21.94 24.17 NOTE
r-devel-linux-x86_64-fedora-clang 1.0.1 48.73 NOTE
r-devel-linux-x86_64-fedora-gcc 1.0.1 38.61 NOTE
r-devel-windows-x86_64-new-UL 1.0.1 7.00 60.00 67.00 NOTE
r-devel-windows-x86_64-new-TK 1.0.1 NOTE
r-devel-windows-x86_64-old 1.0.1 6.00 36.00 42.00 NOTE
r-patched-linux-x86_64 1.0.1 2.58 27.56 30.14 NOTE
r-patched-solaris-x86 1.0.1 56.00 NOTE
r-release-linux-x86_64 1.0.1 2.73 27.41 30.14 NOTE
r-release-macos-arm64 1.0.1 NOTE
r-release-macos-x86_64 1.0.1 NOTE
r-release-windows-ix86+x86_64 1.0.1 6.00 45.00 51.00 NOTE
r-oldrel-macos-x86_64 1.0.1 NOTE
r-oldrel-windows-ix86+x86_64 1.0.1 6.00 46.00 52.00 NOTE

Check Details

Version: 1.0.1
Check: R code for possible problems
Result: NOTE
    .pfda.fstep: no visible global function definition for 'dist'
    .pfda.mstep: no visible global function definition for 'cov'
    Undefined global functions or variables:
     cov dist
    Consider adding
     importFrom("stats", "cov", "dist")
    to your NAMESPACE file.
Flavors: r-devel-linux-x86_64-debian-clang, r-devel-linux-x86_64-debian-gcc, r-devel-linux-x86_64-fedora-clang, r-devel-linux-x86_64-fedora-gcc, r-devel-windows-x86_64-new-UL, r-devel-windows-x86_64-new-TK, r-devel-windows-x86_64-old, r-patched-linux-x86_64, r-patched-solaris-x86, r-release-linux-x86_64, r-release-macos-arm64, r-release-macos-x86_64, r-release-windows-ix86+x86_64, r-oldrel-macos-x86_64, r-oldrel-windows-ix86+x86_64