CRAN Package Check Results for Package processpredictR

Last updated on 2024-06-13 10:49:06 CEST.

Flavor Version Tinstall Tcheck Ttotal Status Flags
r-devel-linux-x86_64-debian-clang 0.1.0 14.60 146.12 160.72 OK
r-devel-linux-x86_64-debian-gcc 0.1.0 0.36 1.73 2.09 ERROR
r-devel-linux-x86_64-fedora-clang 0.1.0 205.37 OK
r-devel-linux-x86_64-fedora-gcc 0.1.0 202.61 OK
r-devel-windows-x86_64 0.1.0 14.00 116.00 130.00 OK
r-patched-linux-x86_64 0.1.0 19.24 138.93 158.17 OK
r-release-linux-x86_64 0.1.0 10.44 138.19 148.63 OK
r-release-macos-arm64 0.1.0 60.00 OK
r-release-macos-x86_64 0.1.0 92.00 OK
r-release-windows-x86_64 0.1.0 15.00 121.00 136.00 OK
r-oldrel-macos-arm64 0.1.0 67.00 OK
r-oldrel-macos-x86_64 0.1.0 120.00 OK
r-oldrel-windows-x86_64 0.1.0 21.00 139.00 160.00 OK

Check Details

Version: 0.1.0
Check: package dependencies
Result: ERROR Packages required but not available: 'bupaR', 'edeaR', 'dplyr', 'forcats', 'tidyr', 'tidyselect', 'purrr', 'stringr', 'keras', 'tensorflow', 'ggplot2', 'plotly', 'progress' Package suggested but not available for checking: ‘lubridate’ See section ‘The DESCRIPTION file’ in the ‘Writing R Extensions’ manual. Flavor: r-devel-linux-x86_64-debian-gcc