Last updated on 2023-09-21 09:57:57 CEST.
Flavor | Version | Tinstall | Tcheck | Ttotal | Status | Flags |
---|---|---|---|---|---|---|
r-devel-linux-x86_64-debian-clang | 0.6.1 | 2.81 | 35.92 | 38.73 | NOTE | |
r-devel-linux-x86_64-debian-gcc | 0.6.1 | 2.16 | 26.27 | 28.43 | NOTE | |
r-devel-linux-x86_64-fedora-clang | 0.6.1 | 50.09 | NOTE | |||
r-devel-linux-x86_64-fedora-gcc | 0.6.1 | 48.46 | NOTE | |||
r-devel-windows-x86_64 | 0.6.1 | 5.00 | 48.00 | 53.00 | NOTE | |
r-patched-linux-x86_64 | 0.6.1 | 3.28 | 34.30 | 37.58 | NOTE | |
r-release-linux-x86_64 | 0.6.1 | 3.28 | 34.49 | 37.77 | NOTE | |
r-release-macos-arm64 | 0.6.1 | 21.00 | NOTE | |||
r-release-macos-x86_64 | 0.6.1 | 26.00 | NOTE | |||
r-release-windows-x86_64 | 0.6.1 | 3.00 | 49.00 | 52.00 | NOTE | |
r-oldrel-macos-arm64 | 0.6.1 | 21.00 | OK | |||
r-oldrel-macos-x86_64 | 0.6.1 | 26.00 | OK | |||
r-oldrel-windows-x86_64 | 0.6.1 | 5.00 | 51.00 | 56.00 | OK |
Version: 0.6.1
Check: Rd files
Result: NOTE
checkRd: (-1) plot.profileModel.Rd:69: Escaped LaTeX specials: \&
checkRd: (-1) profileModel.Rd:277: Escaped LaTeX specials: \&
Flavors: r-devel-linux-x86_64-debian-clang, r-devel-linux-x86_64-debian-gcc, r-devel-linux-x86_64-fedora-clang, r-devel-linux-x86_64-fedora-gcc, r-devel-windows-x86_64, r-patched-linux-x86_64, r-release-linux-x86_64, r-release-macos-arm64, r-release-macos-x86_64, r-release-windows-x86_64