Last updated on 2023-01-29 18:53:17 CET.
Flavor | Version | Tinstall | Tcheck | Ttotal | Status | Flags |
---|---|---|---|---|---|---|
r-devel-linux-x86_64-debian-clang | 0.3.7 | 5.21 | 34.56 | 39.77 | WARN | |
r-devel-linux-x86_64-debian-gcc | 0.3.7 | 2.85 | 27.62 | 30.47 | WARN | |
r-devel-linux-x86_64-fedora-clang | 0.3.7 | 49.07 | WARN | |||
r-devel-linux-x86_64-fedora-gcc | 0.3.7 | 48.38 | WARN | |||
r-devel-windows-x86_64 | 0.3.7 | 36.00 | 70.00 | 106.00 | OK | |
r-patched-linux-x86_64 | 0.3.7 | 4.44 | 34.66 | 39.10 | OK | |
r-release-linux-x86_64 | 0.3.7 | 4.33 | 34.58 | 38.91 | OK | |
r-release-macos-arm64 | 0.3.7 | 22.00 | OK | |||
r-release-macos-x86_64 | 0.3.7 | 27.00 | OK | |||
r-release-windows-x86_64 | 0.3.7 | 25.00 | 67.00 | 92.00 | OK | |
r-oldrel-macos-arm64 | 0.3.7 | 28.00 | OK | |||
r-oldrel-macos-x86_64 | 0.3.7 | 35.00 | OK | |||
r-oldrel-windows-ix86+x86_64 | 0.3.7 | 15.00 | 78.00 | 93.00 | OK |
Version: 0.3.7
Check: whether package can be installed
Result: WARN
Found the following significant warnings:
pause.c:10:19: warning: a function declaration without a prototype is deprecated in all versions of C [-Wstrict-prototypes]
See ‘/home/hornik/tmp/R.check/r-devel-clang/Work/PKGS/profvis.Rcheck/00install.out’ for details.
* used C compiler: ‘Debian clang version 15.0.6’
Flavor: r-devel-linux-x86_64-debian-clang
Version: 0.3.7
Check: whether package can be installed
Result: WARN
Found the following significant warnings:
pause.c:10:8: warning: function declaration isn’t a prototype [-Wstrict-prototypes]
See ‘/home/hornik/tmp/R.check/r-devel-gcc/Work/PKGS/profvis.Rcheck/00install.out’ for details.
* used C compiler: ‘gcc-12 (Debian 12.2.0-14) 12.2.0’
Flavor: r-devel-linux-x86_64-debian-gcc
Version: 0.3.7
Check: whether package can be installed
Result: WARN
Found the following significant warnings:
pause.c:10:19: warning: a function declaration without a prototype is deprecated in all versions of C [-Wstrict-prototypes]
See ‘/data/gannet/ripley/R/packages/tests-clang/profvis.Rcheck/00install.out’ for details.
* used C compiler: ‘clang version 15.0.6’
Flavor: r-devel-linux-x86_64-fedora-clang
Version: 0.3.7
Check: whether package can be installed
Result: WARN
Found the following significant warnings:
pause.c:10:8: warning: function declaration isn’t a prototype [-Wstrict-prototypes]
See ‘/data/gannet/ripley/R/packages/tests-devel/profvis.Rcheck/00install.out’ for details.
* used C compiler: ‘gcc (GCC) 12.2.1 20221121 (Red Hat 12.2.1-4)’
Flavor: r-devel-linux-x86_64-fedora-gcc