Last updated on 2023-09-26 22:13:08 CEST.
Flavor | Version | Tinstall | Tcheck | Ttotal | Status | Flags |
---|---|---|---|---|---|---|
r-devel-linux-x86_64-debian-clang | 1.2.2 | 4.43 | 33.94 | 38.37 | NOTE | |
r-devel-linux-x86_64-debian-gcc | 1.2.2 | 3.64 | 26.02 | 29.66 | NOTE | |
r-devel-linux-x86_64-fedora-clang | 1.2.2 | 49.10 | NOTE | |||
r-devel-linux-x86_64-fedora-gcc | 1.2.2 | 48.28 | NOTE | |||
r-devel-windows-x86_64 | 1.2.2 | 6.00 | 51.00 | 57.00 | NOTE | |
r-patched-linux-x86_64 | 1.2.2 | 3.89 | 32.88 | 36.77 | NOTE | |
r-release-linux-x86_64 | 1.2.2 | 3.62 | 32.76 | 36.38 | NOTE | |
r-release-macos-arm64 | 1.2.2 | 22.00 | NOTE | |||
r-release-macos-x86_64 | 1.2.2 | 30.00 | NOTE | |||
r-release-windows-x86_64 | 1.2.2 | 6.00 | 52.00 | 58.00 | NOTE | |
r-oldrel-macos-arm64 | 1.2.2 | 19.00 | NOTE | |||
r-oldrel-macos-x86_64 | 1.2.2 | 26.00 | NOTE | |||
r-oldrel-windows-x86_64 | 1.2.2 | 7.00 | 61.00 | 68.00 | NOTE |
Version: 1.2.2
Check: LazyData
Result: NOTE
'LazyData' is specified without a 'data' directory
Flavors: r-devel-linux-x86_64-debian-clang, r-devel-linux-x86_64-debian-gcc, r-devel-linux-x86_64-fedora-clang, r-devel-linux-x86_64-fedora-gcc, r-devel-windows-x86_64, r-patched-linux-x86_64, r-release-linux-x86_64, r-release-macos-arm64, r-release-macos-x86_64, r-release-windows-x86_64, r-oldrel-macos-arm64, r-oldrel-macos-x86_64, r-oldrel-windows-x86_64