CRAN Package Check Results for Package progress

Last updated on 2021-10-26 20:51:03 CEST.

Flavor Version Tinstall Tcheck Ttotal Status Flags
r-devel-linux-x86_64-debian-clang 1.2.2 3.93 29.32 33.25 NOTE
r-devel-linux-x86_64-debian-gcc 1.2.2 2.85 23.29 26.14 NOTE
r-devel-linux-x86_64-fedora-clang 1.2.2 51.03 NOTE
r-devel-linux-x86_64-fedora-gcc 1.2.2 40.99 NOTE
r-devel-windows-x86_64 1.2.2 6.00 41.00 47.00 NOTE
r-devel-windows-x86_64-gcc10-UCRT 1.2.2 NOTE
r-patched-linux-x86_64 1.2.2 3.87 28.86 32.73 NOTE
r-patched-solaris-x86 1.2.2 61.40 NOTE
r-release-linux-x86_64 1.2.2 2.81 28.47 31.28 NOTE
r-release-macos-arm64 1.2.2 NOTE
r-release-macos-x86_64 1.2.2 NOTE
r-release-windows-ix86+x86_64 1.2.2 6.00 47.00 53.00 NOTE
r-oldrel-macos-x86_64 1.2.2 OK
r-oldrel-windows-ix86+x86_64 1.2.2 8.00 53.00 61.00 OK

Check Details

Version: 1.2.2
Check: LazyData
Result: NOTE
     'LazyData' is specified without a 'data' directory
Flavors: r-devel-linux-x86_64-debian-clang, r-devel-linux-x86_64-debian-gcc, r-devel-linux-x86_64-fedora-clang, r-devel-linux-x86_64-fedora-gcc, r-devel-windows-x86_64, r-devel-windows-x86_64-gcc10-UCRT, r-patched-linux-x86_64, r-patched-solaris-x86, r-release-linux-x86_64, r-release-macos-arm64, r-release-macos-x86_64, r-release-windows-ix86+x86_64