CRAN Package Check Results for Package proj4

Last updated on 2019-07-16 07:50:59 CEST.

Flavor Version Tinstall Tcheck Ttotal Status Flags
r-devel-linux-x86_64-debian-clang 1.0-8 4.69 18.21 22.90 NOTE
r-devel-linux-x86_64-debian-gcc 1.0-8 3.05 14.87 17.92 NOTE
r-devel-linux-x86_64-fedora-clang 1.0-8 29.80 NOTE
r-devel-linux-x86_64-fedora-gcc 1.0-8 26.44 NOTE
r-devel-windows-ix86+x86_64 1.0-8 8.00 35.00 43.00 NOTE
r-patched-linux-x86_64 1.0-8 3.69 18.29 21.98 NOTE
r-patched-solaris-x86 1.0-8 42.80 NOTE
r-release-linux-x86_64 1.0-8 3.73 18.09 21.82 NOTE
r-release-windows-ix86+x86_64 1.0-8 7.00 51.00 58.00 NOTE
r-release-osx-x86_64 1.0-8 NOTE
r-oldrel-windows-ix86+x86_64 1.0-8 6.00 33.00 39.00 NOTE
r-oldrel-osx-x86_64 1.0-8 NOTE

Check Details

Version: 1.0-8
Check: R code for possible problems
Result: NOTE
    NB: .First.lib is obsolete and will not be used in R >= 3.0.0
Flavors: r-devel-linux-x86_64-debian-clang, r-devel-linux-x86_64-debian-gcc, r-devel-linux-x86_64-fedora-clang, r-devel-linux-x86_64-fedora-gcc, r-devel-windows-ix86+x86_64, r-patched-linux-x86_64, r-patched-solaris-x86, r-release-linux-x86_64, r-release-windows-ix86+x86_64, r-release-osx-x86_64, r-oldrel-windows-ix86+x86_64, r-oldrel-osx-x86_64

Version: 1.0-8
Check: compiled code
Result: NOTE
    File ‘proj4/libs/proj4.so’:
     Found no calls to: ‘R_registerRoutines’, ‘R_useDynamicSymbols’
    
    It is good practice to register native routines and to disable symbol
    search.
    
    See ‘Writing portable packages’ in the ‘Writing R Extensions’ manual.
Flavors: r-devel-linux-x86_64-fedora-clang, r-devel-linux-x86_64-fedora-gcc