CRAN Package Check Results for Package proj4

Last updated on 2021-06-21 11:52:15 CEST.

Flavor Version Tinstall Tcheck Ttotal Status Flags
r-devel-linux-x86_64-debian-clang 1.0-10.1 5.74 22.56 28.30 OK
r-devel-linux-x86_64-debian-gcc 1.0-10.1 3.54 17.78 21.32 OK
r-devel-linux-x86_64-fedora-clang 1.0-10.1 42.68 NOTE
r-devel-linux-x86_64-fedora-gcc 1.0-10.1 32.44 NOTE
r-devel-windows-x86_64 1.0-10.1 5.00 30.00 35.00 OK
r-devel-windows-x86_64-gcc10-UCRT 1.0-10.1 OK
r-patched-linux-x86_64 1.0-10.1 4.16 22.35 26.51 OK
r-patched-solaris-x86 1.0-10.1 48.10 OK
r-release-linux-x86_64 1.0-10.1 4.11 22.23 26.34 OK
r-release-macos-arm64 1.0-10.1 ERROR
r-release-macos-x86_64 1.0-10.1 ERROR
r-release-windows-ix86+x86_64 1.0-10.1 6.00 32.00 38.00 OK
r-oldrel-macos-x86_64 1.0-10.1 NOTE
r-oldrel-windows-ix86+x86_64 1.0-10.1 8.00 41.00 49.00 OK

Check Details

Version: 1.0-10.1
Check: compiled code
Result: NOTE
    File ‘proj4/libs/proj4.so’:
     Found no calls to: ‘R_registerRoutines’, ‘R_useDynamicSymbols’
    
    It is good practice to register native routines and to disable symbol
    search.
    
    See ‘Writing portable packages’ in the ‘Writing R Extensions’ manual.
Flavors: r-devel-linux-x86_64-fedora-clang, r-devel-linux-x86_64-fedora-gcc

Version: 1.0-10.1
Check: whether package can be installed
Result: ERROR
    Installation failed.
Flavors: r-release-macos-arm64, r-release-macos-x86_64

Version: 1.0-10.1
Check: installed package size
Result: NOTE
     installed size is 46.1Mb
     sub-directories of 1Mb or more:
     libs 46.0Mb
Flavor: r-oldrel-macos-x86_64