CRAN Package Check Results for Package projections

Last updated on 2019-08-17 19:48:35 CEST.

Flavor Version Tinstall Tcheck Ttotal Status Flags
r-devel-linux-x86_64-debian-clang 0.3.1 2.45 26.14 28.59 OK
r-devel-linux-x86_64-debian-gcc 0.3.1 2.13 20.56 22.69 OK
r-devel-linux-x86_64-fedora-clang 0.3.1 33.31 NOTE
r-devel-linux-x86_64-fedora-gcc 0.3.1 31.90 NOTE
r-devel-windows-ix86+x86_64 0.3.1 8.00 42.00 50.00 OK
r-patched-linux-x86_64 0.3.1 1.73 25.69 27.42 OK
r-patched-solaris-x86 0.3.1 51.40 NOTE
r-release-linux-x86_64 0.3.1 2.04 25.86 27.90 OK
r-release-windows-ix86+x86_64 0.3.1 11.00 50.00 61.00 OK
r-release-osx-x86_64 0.3.1 NOTE
r-oldrel-windows-ix86+x86_64 0.3.1 5.00 54.00 59.00 OK
r-oldrel-osx-x86_64 0.3.1 NOTE

Check Details

Version: 0.3.1
Check: dependencies in R code
Result: NOTE
    Namespace in Imports field not imported from: ‘distcrete’
     All declared Imports should be used.
Flavors: r-devel-linux-x86_64-fedora-clang, r-devel-linux-x86_64-fedora-gcc, r-patched-solaris-x86, r-release-osx-x86_64, r-oldrel-osx-x86_64