CRAN Package Check Results for Package projections

Last updated on 2019-04-26 13:47:47 CEST.

Flavor Version Tinstall Tcheck Ttotal Status Flags
r-devel-linux-x86_64-debian-clang 0.3.1 2.10 25.58 27.68 OK
r-devel-linux-x86_64-debian-gcc 0.3.1 1.66 20.82 22.48 OK
r-devel-linux-x86_64-fedora-clang 0.3.1 33.10 NOTE
r-devel-linux-x86_64-fedora-gcc 0.3.1 31.11 NOTE
r-devel-windows-ix86+x86_64 0.3.1 10.00 56.00 66.00 OK
r-patched-linux-x86_64 0.3.1 1.96 25.18 27.14 OK
r-patched-solaris-x86 0.3.1 49.40 NOTE
r-release-linux-x86_64 0.3.1 1.19 24.13 25.32 OK
r-release-windows-ix86+x86_64 0.3.1 6.00 52.00 58.00 OK
r-release-osx-x86_64 0.3.1 NOTE
r-oldrel-windows-ix86+x86_64 0.3.1 3.00 36.00 39.00 OK
r-oldrel-osx-x86_64 0.3.1 NOTE

Check Details

Version: 0.3.1
Check: dependencies in R code
Result: NOTE
    Namespace in Imports field not imported from: ‘distcrete’
     All declared Imports should be used.
Flavors: r-devel-linux-x86_64-fedora-clang, r-devel-linux-x86_64-fedora-gcc, r-patched-solaris-x86, r-release-osx-x86_64, r-oldrel-osx-x86_64