CRAN Package Check Results for Package projects

Last updated on 2020-07-04 12:49:00 CEST.

Flavor Version Tinstall Tcheck Ttotal Status Flags
r-devel-linux-x86_64-debian-clang 2.1.1 5.06 49.68 54.74 OK
r-devel-linux-x86_64-debian-gcc 2.1.1 4.69 38.04 42.73 OK
r-devel-linux-x86_64-fedora-clang 2.1.1 75.08 NOTE
r-devel-linux-x86_64-fedora-gcc 2.1.1 68.53 NOTE
r-devel-windows-ix86+x86_64 2.1.1 15.00 60.00 75.00 OK
r-patched-linux-x86_64 2.1.1 6.19 49.00 55.19 OK
r-patched-solaris-x86 2.1.1 91.60 NOTE
r-release-linux-x86_64 2.1.1 4.73 48.80 53.53 OK
r-release-osx-x86_64 2.1.1 NOTE
r-release-windows-ix86+x86_64 2.1.1 11.00 62.00 73.00 OK
r-oldrel-osx-x86_64 2.1.1 NOTE
r-oldrel-windows-ix86+x86_64 2.1.1 20.00 87.00 107.00 OK

Check Details

Version: 2.1.1
Check: dependencies in R code
Result: NOTE
    Namespace in Imports field not imported from: ‘methods’
     All declared Imports should be used.
Flavors: r-devel-linux-x86_64-fedora-clang, r-devel-linux-x86_64-fedora-gcc, r-patched-solaris-x86, r-release-osx-x86_64, r-oldrel-osx-x86_64