CRAN Package Check Results for Package projects

Last updated on 2019-08-20 05:47:14 CEST.

Flavor Version Tinstall Tcheck Ttotal Status Flags
r-devel-linux-x86_64-debian-clang 1.3.0 3.92 37.16 41.08 OK
r-devel-linux-x86_64-debian-gcc 1.3.0 3.88 29.27 33.15 OK
r-devel-linux-x86_64-fedora-clang 1.3.0 48.83 NOTE
r-devel-linux-x86_64-fedora-gcc 1.3.0 48.82 NOTE
r-devel-windows-ix86+x86_64 1.3.0 14.00 52.00 66.00 OK
r-patched-linux-x86_64 1.3.0 3.69 37.35 41.04 OK
r-patched-solaris-x86 1.3.0 68.80 NOTE
r-release-linux-x86_64 1.3.0 4.10 36.72 40.82 OK
r-release-windows-ix86+x86_64 1.3.0 11.00 54.00 65.00 OK
r-release-osx-x86_64 1.3.0 NOTE
r-oldrel-windows-ix86+x86_64 1.3.0 11.00 72.00 83.00 OK
r-oldrel-osx-x86_64 1.3.0 NOTE

Check Details

Version: 1.3.0
Check: dependencies in R code
Result: NOTE
    Namespace in Imports field not imported from: ‘methods’
     All declared Imports should be used.
Flavors: r-devel-linux-x86_64-fedora-clang, r-devel-linux-x86_64-fedora-gcc, r-patched-solaris-x86, r-release-osx-x86_64, r-oldrel-osx-x86_64