CRAN Package Check Results for Package projects

Last updated on 2019-06-16 20:47:13 CEST.

Flavor Version Tinstall Tcheck Ttotal Status Flags
r-devel-linux-x86_64-debian-clang 1.3.0 4.99 36.15 41.14 OK
r-devel-linux-x86_64-debian-gcc 1.3.0 3.63 28.82 32.45 OK
r-devel-linux-x86_64-fedora-clang 1.3.0 47.82 NOTE
r-devel-linux-x86_64-fedora-gcc 1.3.0 46.26 NOTE
r-devel-windows-ix86+x86_64 1.3.0 13.00 52.00 65.00 OK
r-patched-linux-x86_64 1.3.0 4.56 36.68 41.24 OK
r-patched-solaris-x86 1.3.0 73.40 NOTE
r-release-linux-x86_64 1.3.0 4.33 36.17 40.50 OK
r-release-windows-ix86+x86_64 1.3.0 11.00 70.00 81.00 OK
r-release-osx-x86_64 1.3.0 NOTE
r-oldrel-windows-ix86+x86_64 1.3.0 6.00 75.00 81.00 OK
r-oldrel-osx-x86_64 1.3.0 NOTE

Check Details

Version: 1.3.0
Check: dependencies in R code
Result: NOTE
    Namespace in Imports field not imported from: ‘methods’
     All declared Imports should be used.
Flavors: r-devel-linux-x86_64-fedora-clang, r-devel-linux-x86_64-fedora-gcc, r-patched-solaris-x86, r-release-osx-x86_64, r-oldrel-osx-x86_64